CRAN Package Check Results for Package BayesFluxR

Last updated on 2025-10-23 21:51:21 CEST.

Flavor Version Tinstall Tcheck Ttotal Status Flags
r-devel-linux-x86_64-debian-clang 0.1.3 2.53 30.19 32.72 NOTE
r-devel-linux-x86_64-debian-gcc 0.1.3 1.75 23.25 25.00 OK
r-devel-linux-x86_64-fedora-clang 0.1.3 45.10 OK
r-devel-linux-x86_64-fedora-gcc 0.1.3 43.59 OK
r-devel-windows-x86_64 0.1.3 4.00 53.00 57.00 OK
r-patched-linux-x86_64 0.1.3 3.04 26.96 30.00 OK
r-release-linux-x86_64 0.1.3 2.44 26.70 29.14 OK
r-release-macos-arm64 0.1.3 2.00 20.00 22.00 OK
r-release-macos-x86_64 0.1.3 2.00 30.00 32.00 OK
r-release-windows-x86_64 0.1.3 5.00 57.00 62.00 OK
r-oldrel-macos-arm64 0.1.3 1.00 19.00 20.00 OK
r-oldrel-macos-x86_64 0.1.3 2.00 28.00 30.00 OK
r-oldrel-windows-x86_64 0.1.3 5.00 61.00 66.00 OK

Check Details

Version: 0.1.3
Check: HTML version of manual
Result: NOTE Found the following HTML validation problems: dot-install_pkg.html:46:1 (dot-install_pkg.Rd:10): Warning: missing </ul> before </div> dot-using.html:46:1 (dot-using.Rd:10): Warning: missing </ul> before </div> summary.BNN.html:51:1 (summary.BNN.Rd:12): Warning: missing </ul> before </div> Flavor: r-devel-linux-x86_64-debian-clang

These binaries (installable software) and packages are in development.
They may not be fully stable and should be used with caution. We make no claims about them.