CRAN Package Check Results for Package BayesGPfit

Last updated on 2025-11-02 01:48:29 CET.

Flavor Version Tinstall Tcheck Ttotal Status Flags
r-devel-linux-x86_64-debian-clang 1.1.0 6.62 38.52 45.14 OK
r-devel-linux-x86_64-debian-gcc 1.1.0 4.45 29.54 33.99 OK
r-devel-linux-x86_64-fedora-clang 1.1.0 28.00 48.06 76.06 OK
r-devel-linux-x86_64-fedora-gcc 1.1.0 21.00 50.59 71.59 OK
r-devel-windows-x86_64 1.1.0 9.00 64.00 73.00 NOTE
r-patched-linux-x86_64 1.1.0 5.99 38.47 44.46 OK
r-release-linux-x86_64 1.1.0 6.26 38.64 44.90 OK
r-release-macos-arm64 1.1.0 4.00 25.00 29.00 OK
r-release-macos-x86_64 1.1.0 6.00 47.00 53.00 OK
r-release-windows-x86_64 1.1.0 10.00 64.00 74.00 NOTE
r-oldrel-macos-arm64 1.1.0 4.00 26.00 30.00 OK
r-oldrel-macos-x86_64 1.1.0 4.00 34.00 38.00 OK
r-oldrel-windows-x86_64 1.1.0 14.00 80.00 94.00 NOTE

Check Details

Version: 1.1.0
Check: C++ specification
Result: NOTE Specified C++11: please drop specification unless essential Flavors: r-devel-windows-x86_64, r-release-windows-x86_64, r-oldrel-windows-x86_64

These binaries (installable software) and packages are in development.
They may not be fully stable and should be used with caution. We make no claims about them.