Last updated on 2025-10-23 17:50:42 CEST.
Flavor | Version | Tinstall | Tcheck | Ttotal | Status | Flags |
---|---|---|---|---|---|---|
r-devel-linux-x86_64-debian-clang | 0.0.3 | 857.35 | 200.68 | 1058.03 | NOTE | |
r-devel-linux-x86_64-debian-gcc | 0.0.3 | 755.39 | 204.71 | 960.10 | OK | |
r-devel-linux-x86_64-fedora-clang | 0.0.3 | 1620.00 | -13.53 | 1606.47 | NOTE | |
r-devel-linux-x86_64-fedora-gcc | 0.0.3 | 2940.00 | -652.56 | 2287.44 | NOTE | |
r-devel-windows-x86_64 | 0.0.3 | 957.00 | 294.00 | 1251.00 | OK | |
r-patched-linux-x86_64 | 0.0.3 | 1019.06 | 278.25 | 1297.31 | OK | |
r-release-linux-x86_64 | 0.0.3 | 997.29 | 277.78 | 1275.07 | OK | |
r-release-macos-arm64 | 0.0.3 | 375.00 | 90.00 | 465.00 | OK | |
r-release-macos-x86_64 | 0.0.3 | 409.00 | 204.00 | 613.00 | OK | |
r-release-windows-x86_64 | 0.0.3 | 943.00 | 290.00 | 1233.00 | OK | |
r-oldrel-macos-arm64 | 0.0.3 | 181.00 | 63.00 | 244.00 | NOTE | |
r-oldrel-macos-x86_64 | 0.0.3 | 126.00 | 98.00 | 224.00 | NOTE | |
r-oldrel-windows-x86_64 | 0.0.3 | 1061.00 | 370.00 | 1431.00 | NOTE |
Version: 0.0.3
Check: HTML version of manual
Result: NOTE
Found the following HTML validation problems:
bayesgmed.html:106:1 (bayesgmed.Rd:57): Warning: <h4> anchor "priors" already defined
bayesgmed_sens.html:107:1 (bayesgmed_sens.Rd:58): Warning: <h4> anchor "priors" already defined
example_data.html:62:1 (example_data.Rd:18): Warning: missing </ul> before </div>
Flavor: r-devel-linux-x86_64-debian-clang
Version: 0.0.3
Check: dependencies in R code
Result: NOTE
Namespaces in Imports field not imported from:
‘RcppParallel’ ‘rstantools’
All declared Imports should be used.
Flavors: r-devel-linux-x86_64-fedora-clang, r-devel-linux-x86_64-fedora-gcc
Version: 0.0.3
Check: installed package size
Result: NOTE
installed size is 123.0Mb
sub-directories of 1Mb or more:
libs 122.5Mb
Flavors: r-oldrel-macos-arm64, r-oldrel-macos-x86_64, r-oldrel-windows-x86_64
Version: 0.0.3
Check: for GNU extensions in Makefiles
Result: NOTE
GNU make is a SystemRequirements.
Flavors: r-oldrel-macos-arm64, r-oldrel-macos-x86_64, r-oldrel-windows-x86_64
These binaries (installable software) and packages are in development.
They may not be fully stable and should be used with caution. We make no claims about them.