CRAN Package Check Results for Package BayesMFSurv

Last updated on 2025-05-21 21:49:10 CEST.

Flavor Version Tinstall Tcheck Ttotal Status Flags
r-devel-linux-x86_64-debian-clang 0.1.0 26.28 71.70 97.98 OK
r-devel-linux-x86_64-debian-gcc 0.1.0 19.69 52.63 72.32 OK
r-devel-linux-x86_64-fedora-clang 0.1.0 161.51 NOTE
r-devel-linux-x86_64-fedora-gcc 0.1.0 159.26 NOTE
r-devel-windows-x86_64 0.1.0 31.00 109.00 140.00 OK
r-patched-linux-x86_64 0.1.0 26.79 69.18 95.97 OK
r-release-linux-x86_64 0.1.0 25.42 68.21 93.63 OK
r-release-macos-arm64 0.1.0 49.00 OK
r-release-macos-x86_64 0.1.0 105.00 OK
r-release-windows-x86_64 0.1.0 31.00 116.00 147.00 OK
r-oldrel-macos-arm64 0.1.0 46.00 OK
r-oldrel-macos-x86_64 0.1.0 88.00 OK
r-oldrel-windows-x86_64 0.1.0 35.00 129.00 164.00 OK

Check Details

Version: 0.1.0
Check: dependencies in R code
Result: NOTE Namespace in Imports field not imported from: ‘FastGP’ All declared Imports should be used. Flavors: r-devel-linux-x86_64-fedora-clang, r-devel-linux-x86_64-fedora-gcc

These binaries (installable software) and packages are in development.
They may not be fully stable and should be used with caution. We make no claims about them.