Last updated on 2025-10-03 05:53:25 CEST.
Flavor | Version | Tinstall | Tcheck | Ttotal | Status | Flags |
---|---|---|---|---|---|---|
r-devel-linux-x86_64-debian-clang | 0.1.0 | 26.62 | 73.99 | 100.61 | OK | |
r-devel-linux-x86_64-debian-gcc | 0.1.0 | 16.57 | 54.86 | 71.43 | OK | |
r-devel-linux-x86_64-fedora-clang | 0.1.0 | 163.63 | NOTE | |||
r-devel-linux-x86_64-fedora-gcc | 0.1.0 | 150.43 | NOTE | |||
r-devel-windows-x86_64 | 0.1.0 | 30.00 | 104.00 | 134.00 | OK | |
r-patched-linux-x86_64 | 0.1.0 | 28.01 | 70.24 | 98.25 | OK | |
r-release-linux-x86_64 | 0.1.0 | 24.18 | 70.26 | 94.44 | OK | |
r-release-macos-arm64 | 0.1.0 | 49.00 | OK | |||
r-release-macos-x86_64 | 0.1.0 | 105.00 | OK | |||
r-release-windows-x86_64 | 0.1.0 | 32.00 | 107.00 | 139.00 | OK | |
r-oldrel-macos-arm64 | 0.1.0 | 46.00 | OK | |||
r-oldrel-macos-x86_64 | 0.1.0 | 88.00 | OK | |||
r-oldrel-windows-x86_64 | 0.1.0 | 38.00 | 132.00 | 170.00 | OK |
Version: 0.1.0
Check: dependencies in R code
Result: NOTE
Namespace in Imports field not imported from: ‘FastGP’
All declared Imports should be used.
Flavors: r-devel-linux-x86_64-fedora-clang, r-devel-linux-x86_64-fedora-gcc
These binaries (installable software) and packages are in development.
They may not be fully stable and should be used with caution. We make no claims about them.