Last updated on 2025-11-13 21:49:52 CET.
| Flavor | Version | Tinstall | Tcheck | Ttotal | Status | Flags |
|---|---|---|---|---|---|---|
| r-devel-linux-x86_64-debian-clang | 0.1.0 | 24.86 | 74.46 | 99.32 | OK | |
| r-devel-linux-x86_64-debian-gcc | 0.1.0 | 16.17 | 54.94 | 71.11 | OK | |
| r-devel-linux-x86_64-fedora-clang | 0.1.0 | 149.00 | 23.62 | 172.62 | NOTE | |
| r-devel-linux-x86_64-fedora-gcc | 0.1.0 | 61.00 | 95.02 | 156.02 | NOTE | |
| r-devel-windows-x86_64 | 0.1.0 | 32.00 | 103.00 | 135.00 | OK | |
| r-patched-linux-x86_64 | 0.1.0 | 25.56 | 70.69 | 96.25 | OK | |
| r-release-linux-x86_64 | 0.1.0 | 24.97 | 70.40 | 95.37 | OK | |
| r-release-macos-arm64 | 0.1.0 | 11.00 | 38.00 | 49.00 | OK | |
| r-release-macos-x86_64 | 0.1.0 | 27.00 | 78.00 | 105.00 | OK | |
| r-release-windows-x86_64 | 0.1.0 | 30.00 | 107.00 | 137.00 | OK | |
| r-oldrel-macos-arm64 | 0.1.0 | 11.00 | 35.00 | 46.00 | OK | |
| r-oldrel-macos-x86_64 | 0.1.0 | 21.00 | 67.00 | 88.00 | OK | |
| r-oldrel-windows-x86_64 | 0.1.0 | 37.00 | 121.00 | 158.00 | OK |
Version: 0.1.0
Check: dependencies in R code
Result: NOTE
Namespace in Imports field not imported from: ‘FastGP’
All declared Imports should be used.
Flavors: r-devel-linux-x86_64-fedora-clang, r-devel-linux-x86_64-fedora-gcc
These binaries (installable software) and packages are in development.
They may not be fully stable and should be used with caution. We make no claims about them.