Last updated on 2025-07-17 01:49:42 CEST.
Flavor | Version | Tinstall | Tcheck | Ttotal | Status | Flags |
---|---|---|---|---|---|---|
r-devel-linux-x86_64-debian-clang | 0.1.0 | 25.43 | 73.45 | 98.88 | OK | |
r-devel-linux-x86_64-debian-gcc | 0.1.0 | 18.06 | 54.29 | 72.35 | OK | |
r-devel-linux-x86_64-fedora-clang | 0.1.0 | 166.42 | NOTE | |||
r-devel-linux-x86_64-fedora-gcc | 0.1.0 | 156.56 | NOTE | |||
r-devel-windows-x86_64 | 0.1.0 | 29.00 | 105.00 | 134.00 | OK | |
r-patched-linux-x86_64 | 0.1.0 | 24.51 | 68.40 | 92.91 | OK | |
r-release-linux-x86_64 | 0.1.0 | 23.42 | 69.44 | 92.86 | OK | |
r-release-macos-arm64 | 0.1.0 | 49.00 | OK | |||
r-release-macos-x86_64 | 0.1.0 | 105.00 | OK | |||
r-release-windows-x86_64 | 0.1.0 | 31.00 | 110.00 | 141.00 | OK | |
r-oldrel-macos-arm64 | 0.1.0 | 46.00 | OK | |||
r-oldrel-macos-x86_64 | 0.1.0 | 88.00 | OK | |||
r-oldrel-windows-x86_64 | 0.1.0 | 37.00 | 132.00 | 169.00 | OK |
Version: 0.1.0
Check: dependencies in R code
Result: NOTE
Namespace in Imports field not imported from: ‘FastGP’
All declared Imports should be used.
Flavors: r-devel-linux-x86_64-fedora-clang, r-devel-linux-x86_64-fedora-gcc
These binaries (installable software) and packages are in development.
They may not be fully stable and should be used with caution. We make no claims about them.