Last updated on 2025-11-11 17:49:52 CET.
| Flavor | Version | Tinstall | Tcheck | Ttotal | Status | Flags |
|---|---|---|---|---|---|---|
| r-devel-linux-x86_64-debian-clang | 2.2.5 | 230.31 | 206.60 | 436.91 | OK | |
| r-devel-linux-x86_64-debian-gcc | 2.2.5 | 137.14 | 130.66 | 267.80 | OK | |
| r-devel-linux-x86_64-fedora-clang | 2.2.5 | 660.00 | 186.61 | 846.61 | OK | |
| r-devel-linux-x86_64-fedora-gcc | 2.2.5 | 478.00 | 275.75 | 753.75 | OK | |
| r-devel-windows-x86_64 | 2.2.5 | 268.00 | 254.00 | 522.00 | OK | |
| r-patched-linux-x86_64 | 2.2.5 | 223.38 | 187.16 | 410.54 | OK | |
| r-release-linux-x86_64 | 2.2.5 | 221.87 | 187.01 | 408.88 | OK | |
| r-release-macos-arm64 | 2.2.5 | 76.00 | 93.00 | 169.00 | OK | |
| r-release-macos-x86_64 | 2.2.5 | 61.00 | 184.00 | 245.00 | OK | |
| r-release-windows-x86_64 | 2.2.5 | 268.00 | 266.00 | 534.00 | OK | |
| r-oldrel-macos-arm64 | 2.2.5 | 81.00 | 134.00 | 215.00 | NOTE | |
| r-oldrel-macos-x86_64 | 2.2.5 | 62.00 | 184.00 | 246.00 | NOTE | |
| r-oldrel-windows-x86_64 | 2.2.5 | 311.00 | 331.00 | 642.00 | NOTE |
Version: 2.2.5
Check: installed package size
Result: NOTE
installed size is 14.0Mb
sub-directories of 1Mb or more:
doc 2.7Mb
libs 10.4Mb
Flavors: r-oldrel-macos-arm64, r-oldrel-macos-x86_64, r-oldrel-windows-x86_64
These binaries (installable software) and packages are in development.
They may not be fully stable and should be used with caution. We make no claims about them.