Last updated on 2025-05-08 04:51:59 CEST.
Flavor | Version | Tinstall | Tcheck | Ttotal | Status | Flags |
---|---|---|---|---|---|---|
r-devel-linux-x86_64-debian-clang | 2.2.3 | 227.19 | 199.99 | 427.18 | OK | |
r-devel-linux-x86_64-debian-gcc | 2.2.3 | 162.32 | 124.20 | 286.52 | OK | |
r-devel-linux-x86_64-fedora-clang | 2.2.3 | 784.31 | OK | |||
r-devel-linux-x86_64-fedora-gcc | 2.2.3 | 896.17 | OK | |||
r-devel-windows-x86_64 | 2.2.3 | 259.00 | 246.00 | 505.00 | OK | |
r-patched-linux-x86_64 | 2.2.3 | 218.48 | 176.63 | 395.11 | OK | |
r-release-linux-x86_64 | 2.2.3 | 215.02 | 175.95 | 390.97 | OK | |
r-release-macos-arm64 | 2.2.3 | 222.00 | OK | |||
r-release-macos-x86_64 | 2.2.3 | 235.00 | OK | |||
r-release-windows-x86_64 | 2.2.3 | 257.00 | 253.00 | 510.00 | OK | |
r-oldrel-macos-arm64 | 2.2.3 | 170.00 | NOTE | |||
r-oldrel-macos-x86_64 | 2.2.3 | 287.00 | NOTE | |||
r-oldrel-windows-x86_64 | 2.2.3 | 294.00 | 301.00 | 595.00 | NOTE |
Version: 2.2.3
Check: installed package size
Result: NOTE
installed size is 13.9Mb
sub-directories of 1Mb or more:
doc 2.7Mb
libs 10.4Mb
Flavors: r-oldrel-macos-arm64, r-oldrel-macos-x86_64, r-oldrel-windows-x86_64
These binaries (installable software) and packages are in development.
They may not be fully stable and should be used with caution. We make no claims about them.