CRAN Package Check Results for Package BayesMultMeta

Last updated on 2025-11-16 09:49:21 CET.

Flavor Version Tinstall Tcheck Ttotal Status Flags
r-devel-linux-x86_64-debian-clang 0.1.1 3.75 32.65 36.40 NOTE
r-devel-linux-x86_64-debian-gcc 0.1.1 2.56 24.71 27.27 NOTE
r-devel-linux-x86_64-fedora-clang 0.1.1 17.00 37.91 54.91 OK
r-devel-linux-x86_64-fedora-gcc 0.1.1 18.00 33.82 51.82 OK
r-devel-windows-x86_64 0.1.1 5.00 47.00 52.00 OK
r-patched-linux-x86_64 0.1.1 3.46 29.70 33.16 OK
r-release-linux-x86_64 0.1.1 3.56 29.35 32.91 OK
r-release-macos-arm64 0.1.1 2.00 20.00 22.00 OK
r-release-macos-x86_64 0.1.1 4.00 49.00 53.00 OK
r-release-windows-x86_64 0.1.1 4.00 47.00 51.00 OK
r-oldrel-macos-arm64 0.1.1 2.00 17.00 19.00 OK
r-oldrel-macos-x86_64 0.1.1 3.00 24.00 27.00 OK
r-oldrel-windows-x86_64 0.1.1 6.00 55.00 61.00 OK

Check Details

Version: 0.1.1
Check: CRAN incoming feasibility
Result: NOTE Maintainer: ‘Erik Thorsén <erik.thorsen@math.su.se>’ The Description field contains (<arXiv:2104.02105>). The Metropolis-Hastings algorithm is designed Please refer to arXiv e-prints via their arXiv DOI <doi:10.48550/arXiv.YYMM.NNNNN>. Flavors: r-devel-linux-x86_64-debian-clang, r-devel-linux-x86_64-debian-gcc

These binaries (installable software) and packages are in development.
They may not be fully stable and should be used with caution. We make no claims about them.