Last updated on 2025-05-01 17:55:57 CEST.
Flavor | Version | Tinstall | Tcheck | Ttotal | Status | Flags |
---|---|---|---|---|---|---|
r-devel-linux-x86_64-debian-clang | 0.1.1 | 3.79 | 30.38 | 34.17 | NOTE | |
r-devel-linux-x86_64-debian-gcc | 0.1.1 | 2.60 | 22.51 | 25.11 | NOTE | |
r-devel-linux-x86_64-fedora-clang | 0.1.1 | 51.80 | OK | |||
r-devel-linux-x86_64-fedora-gcc | 0.1.1 | 53.21 | OK | |||
r-devel-windows-x86_64 | 0.1.1 | 5.00 | 48.00 | 53.00 | OK | |
r-patched-linux-x86_64 | 0.1.1 | 3.13 | 27.68 | 30.81 | OK | |
r-release-linux-x86_64 | OK | |||||
r-release-macos-arm64 | 0.1.1 | 22.00 | OK | |||
r-release-macos-x86_64 | 0.1.1 | 53.00 | OK | |||
r-release-windows-x86_64 | 0.1.1 | 4.00 | 50.00 | 54.00 | OK | |
r-oldrel-macos-arm64 | 0.1.1 | 19.00 | OK | |||
r-oldrel-macos-x86_64 | 0.1.1 | 27.00 | OK | |||
r-oldrel-windows-x86_64 | 0.1.1 | 5.00 | 55.00 | 60.00 | OK |
Version: 0.1.1
Check: CRAN incoming feasibility
Result: NOTE
Maintainer: ‘Erik Thorsén <erik.thorsen@math.su.se>’
The Description field contains
(<arXiv:2104.02105>). The Metropolis-Hastings algorithm is designed
Please refer to arXiv e-prints via their arXiv DOI <doi:10.48550/arXiv.YYMM.NNNNN>.
Flavors: r-devel-linux-x86_64-debian-clang, r-devel-linux-x86_64-debian-gcc
These binaries (installable software) and packages are in development.
They may not be fully stable and should be used with caution. We make no claims about them.