CRAN Package Check Results for Package BayesMultMeta

Last updated on 2025-07-04 21:50:01 CEST.

Flavor Version Tinstall Tcheck Ttotal Status Flags
r-devel-linux-x86_64-debian-clang 0.1.1 3.76 31.06 34.82 NOTE
r-devel-linux-x86_64-debian-gcc 0.1.1 2.55 23.66 26.21 NOTE
r-devel-linux-x86_64-fedora-clang 0.1.1 54.57 OK
r-devel-linux-x86_64-fedora-gcc 0.1.1 49.60 OK
r-devel-windows-x86_64 0.1.1 4.00 47.00 51.00 OK
r-patched-linux-x86_64 0.1.1 3.22 28.35 31.57 OK
r-release-linux-x86_64 0.1.1 3.56 28.01 31.57 OK
r-release-macos-arm64 0.1.1 22.00 OK
r-release-macos-x86_64 0.1.1 53.00 OK
r-release-windows-x86_64 0.1.1 5.00 48.00 53.00 OK
r-oldrel-macos-arm64 0.1.1 19.00 OK
r-oldrel-macos-x86_64 0.1.1 27.00 OK
r-oldrel-windows-x86_64 0.1.1 6.00 56.00 62.00 OK

Check Details

Version: 0.1.1
Check: CRAN incoming feasibility
Result: NOTE Maintainer: ‘Erik Thorsén <erik.thorsen@math.su.se>’ The Description field contains (<arXiv:2104.02105>). The Metropolis-Hastings algorithm is designed Please refer to arXiv e-prints via their arXiv DOI <doi:10.48550/arXiv.YYMM.NNNNN>. Flavors: r-devel-linux-x86_64-debian-clang, r-devel-linux-x86_64-debian-gcc

These binaries (installable software) and packages are in development.
They may not be fully stable and should be used with caution. We make no claims about them.