Last updated on 2025-05-01 17:55:57 CEST.
Flavor | Version | Tinstall | Tcheck | Ttotal | Status | Flags |
---|---|---|---|---|---|---|
r-devel-linux-x86_64-debian-clang | 0.7.3 | 14.42 | 137.22 | 151.64 | NOTE | |
r-devel-linux-x86_64-debian-gcc | 0.7.3 | 9.30 | 91.75 | 101.05 | OK | |
r-devel-linux-x86_64-fedora-clang | 0.7.3 | 224.16 | OK | |||
r-devel-linux-x86_64-fedora-gcc | 0.7.3 | 229.61 | OK | |||
r-devel-windows-x86_64 | 0.7.3 | 16.00 | 127.00 | 143.00 | OK | |
r-patched-linux-x86_64 | 0.7.3 | 14.54 | 124.95 | 139.49 | OK | |
r-release-linux-x86_64 | OK | |||||
r-release-macos-arm64 | 0.7.3 | 55.00 | OK | |||
r-release-macos-x86_64 | 0.7.3 | 120.00 | OK | |||
r-release-windows-x86_64 | 0.7.3 | 15.00 | 128.00 | 143.00 | OK | |
r-oldrel-macos-arm64 | 0.7.3 | 46.00 | NOTE | |||
r-oldrel-macos-x86_64 | 0.7.3 | 85.00 | NOTE | |||
r-oldrel-windows-x86_64 | 0.7.3 | 20.00 | 173.00 | 193.00 | NOTE |
Version: 0.7.3
Check: examples
Result: NOTE
Examples with CPU (user + system) or elapsed time > 5s
user system elapsed
bayes_mode 5.524 0.084 7.607
Flavor: r-devel-linux-x86_64-debian-clang
Version: 0.7.3
Check: installed package size
Result: NOTE
installed size is 6.2Mb
sub-directories of 1Mb or more:
help 6.0Mb
Flavors: r-oldrel-macos-arm64, r-oldrel-macos-x86_64, r-oldrel-windows-x86_64
These binaries (installable software) and packages are in development.
They may not be fully stable and should be used with caution. We make no claims about them.