Last updated on 2024-07-27 15:50:12 CEST.
Flavor | Version | Tinstall | Tcheck | Ttotal | Status | Flags |
---|---|---|---|---|---|---|
r-devel-linux-x86_64-debian-clang | 0.7.1 | 15.10 | 165.27 | 180.37 | OK | |
r-devel-linux-x86_64-debian-gcc | 0.7.1 | OK | ||||
r-devel-linux-x86_64-fedora-clang | 0.7.1 | 226.93 | NOTE | |||
r-devel-linux-x86_64-fedora-gcc | 0.7.1 | 212.43 | OK | |||
r-devel-windows-x86_64 | 0.7.1 | 15.00 | 126.00 | 141.00 | NOTE | |
r-patched-linux-x86_64 | 0.7.1 | OK | ||||
r-release-linux-x86_64 | 0.7.1 | 10.72 | 160.23 | 170.95 | OK | |
r-release-macos-arm64 | 0.7.1 | 60.00 | NOTE | |||
r-release-macos-x86_64 | 0.7.1 | 106.00 | NOTE | |||
r-release-windows-x86_64 | 0.7.1 | 14.00 | 123.00 | 137.00 | NOTE | |
r-oldrel-macos-arm64 | 0.7.1 | 60.00 | NOTE | |||
r-oldrel-macos-x86_64 | 0.7.1 | 134.00 | NOTE | |||
r-oldrel-windows-x86_64 | 0.7.1 | 19.00 | 158.00 | 177.00 | NOTE |
Version: 0.7.1
Check: installed package size
Result: NOTE
installed size is 6.3Mb
sub-directories of 1Mb or more:
help 6.0Mb
Flavors: r-devel-linux-x86_64-fedora-clang, r-devel-windows-x86_64, r-release-macos-arm64, r-release-macos-x86_64, r-release-windows-x86_64, r-oldrel-macos-arm64, r-oldrel-macos-x86_64, r-oldrel-windows-x86_64
These binaries (installable software) and packages are in development.
They may not be fully stable and should be used with caution. We make no claims about them.