Last updated on 2025-11-11 17:49:53 CET.
| Flavor | Version | Tinstall | Tcheck | Ttotal | Status | Flags |
|---|---|---|---|---|---|---|
| r-devel-linux-x86_64-debian-clang | 0.1.2 | 19.67 | 143.39 | 163.06 | NOTE | |
| r-devel-linux-x86_64-debian-gcc | 0.1.2 | 12.59 | 109.34 | 121.93 | NOTE | |
| r-devel-linux-x86_64-fedora-clang | 0.1.2 | 97.00 | 163.20 | 260.20 | OK | |
| r-devel-linux-x86_64-fedora-gcc | 0.1.2 | 63.00 | 185.03 | 248.03 | OK | |
| r-devel-windows-x86_64 | 0.1.2 | 21.00 | 135.00 | 156.00 | OK | |
| r-patched-linux-x86_64 | 0.1.2 | 18.78 | 135.88 | 154.66 | OK | |
| r-release-linux-x86_64 | 0.1.2 | 19.00 | 137.02 | 156.02 | OK | |
| r-release-macos-arm64 | 0.1.2 | 8.00 | 57.00 | 65.00 | OK | |
| r-release-macos-x86_64 | 0.1.2 | 33.00 | 128.00 | 161.00 | OK | |
| r-release-windows-x86_64 | 0.1.2 | 19.00 | 135.00 | 154.00 | OK | |
| r-oldrel-macos-arm64 | 0.1.2 | 8.00 | 54.00 | 62.00 | OK | |
| r-oldrel-macos-x86_64 | 0.1.2 | 12.00 | 80.00 | 92.00 | OK | |
| r-oldrel-windows-x86_64 | 0.1.2 | 29.00 | 175.00 | 204.00 | OK |
Version: 0.1.2
Check: CRAN incoming feasibility
Result: NOTE
Maintainer: ‘Daniel Turek <danielturek@gmail.com>’
No Authors@R field in DESCRIPTION.
Please add one, modifying
Authors@R: c(person(given = "Daniel",
family = "Turek",
role = c("aut", "cre"),
email = "danielturek@gmail.com"),
person(given = "Mark",
family = "Risser",
role = "aut"))
as necessary.
The Description field contains
<arXiv:1702.00434v2>). Bayesian inference is carried out using Markov
Please refer to arXiv e-prints via their arXiv DOI <doi:10.48550/arXiv.YYMM.NNNNN>.
Flavors: r-devel-linux-x86_64-debian-clang, r-devel-linux-x86_64-debian-gcc
These binaries (installable software) and packages are in development.
They may not be fully stable and should be used with caution. We make no claims about them.