CRAN Package Check Results for Package BayesNetBP

Last updated on 2025-07-17 21:50:41 CEST.

Flavor Version Tinstall Tcheck Ttotal Status Flags
r-devel-linux-x86_64-debian-clang 1.6.1 17.01 136.24 153.25 NOTE
r-devel-linux-x86_64-debian-gcc 1.6.1 11.78 96.32 108.10 NOTE
r-devel-linux-x86_64-fedora-clang 1.6.1 242.92 OK
r-devel-linux-x86_64-fedora-gcc 1.6.1 233.31 OK
r-devel-windows-x86_64 1.6.1 18.00 130.00 148.00 OK
r-patched-linux-x86_64 1.6.1 16.80 129.16 145.96 OK
r-release-linux-x86_64 1.6.1 15.98 128.70 144.68 OK
r-release-macos-arm64 1.6.1 63.00 OK
r-release-macos-x86_64 1.6.1 187.00 OK
r-release-windows-x86_64 1.6.1 17.00 130.00 147.00 OK
r-oldrel-macos-arm64 1.6.1 57.00 OK
r-oldrel-macos-x86_64 1.6.1 87.00 OK
r-oldrel-windows-x86_64 1.6.1 22.00 168.00 190.00 OK

Check Details

Version: 1.6.1
Check: CRAN incoming feasibility
Result: NOTE Maintainer: ‘Han Yu <hyu9@buffalo.edu>’ No Authors@R field in DESCRIPTION. Please add one, modifying Authors@R: c(person(given = "Han", family = "Yu", role = c("aut", "cre"), email = "hyu9@buffalo.edu"), person(given = "Rachael", family = "Blair", role = "aut"), person(given = "Janhavi", family = "Moharil", role = "aut"), person(given = "Andrew", family = "Yan", role = "aut")) as necessary. Flavors: r-devel-linux-x86_64-debian-clang, r-devel-linux-x86_64-debian-gcc

These binaries (installable software) and packages are in development.
They may not be fully stable and should be used with caution. We make no claims about them.