Last updated on 2025-05-01 17:55:57 CEST.
Flavor | Version | Tinstall | Tcheck | Ttotal | Status | Flags |
---|---|---|---|---|---|---|
r-devel-linux-x86_64-debian-clang | 1.6.1 | 18.12 | 136.35 | 154.47 | NOTE | |
r-devel-linux-x86_64-debian-gcc | 1.6.1 | 10.39 | 95.64 | 106.03 | NOTE | |
r-devel-linux-x86_64-fedora-clang | 1.6.1 | 253.62 | OK | |||
r-devel-linux-x86_64-fedora-gcc | 1.6.1 | 236.30 | OK | |||
r-devel-windows-x86_64 | 1.6.1 | 17.00 | 131.00 | 148.00 | OK | |
r-patched-linux-x86_64 | 1.6.1 | 17.75 | 128.45 | 146.20 | OK | |
r-release-linux-x86_64 | OK | |||||
r-release-macos-arm64 | 1.6.1 | 63.00 | OK | |||
r-release-macos-x86_64 | 1.6.1 | 187.00 | OK | |||
r-release-windows-x86_64 | 1.6.1 | 17.00 | 129.00 | 146.00 | OK | |
r-oldrel-macos-arm64 | 1.6.1 | 57.00 | OK | |||
r-oldrel-macos-x86_64 | 1.6.1 | 87.00 | OK | |||
r-oldrel-windows-x86_64 | 1.6.1 | 22.00 | 171.00 | 193.00 | OK |
Version: 1.6.1
Check: CRAN incoming feasibility
Result: NOTE
Maintainer: ‘Han Yu <hyu9@buffalo.edu>’
No Authors@R field in DESCRIPTION.
Please add one, modifying
Authors@R: c(person(given = "Han",
family = "Yu",
role = c("aut", "cre"),
email = "hyu9@buffalo.edu"),
person(given = "Rachael",
family = "Blair",
role = "aut"),
person(given = "Janhavi",
family = "Moharil",
role = "aut"),
person(given = "Andrew",
family = "Yan",
role = "aut"))
as necessary.
Flavors: r-devel-linux-x86_64-debian-clang, r-devel-linux-x86_64-debian-gcc
These binaries (installable software) and packages are in development.
They may not be fully stable and should be used with caution. We make no claims about them.