Last updated on 2025-05-08 04:51:59 CEST.
Flavor | Version | Tinstall | Tcheck | Ttotal | Status | Flags |
---|---|---|---|---|---|---|
r-devel-linux-x86_64-debian-clang | 0.1.2 | 14.61 | 116.90 | 131.51 | NOTE | |
r-devel-linux-x86_64-debian-gcc | 0.1.2 | 10.96 | 80.69 | 91.65 | NOTE | |
r-devel-linux-x86_64-fedora-clang | 0.1.2 | 191.35 | OK | |||
r-devel-linux-x86_64-fedora-gcc | 0.1.2 | 206.50 | OK | |||
r-devel-windows-x86_64 | 0.1.2 | 15.00 | 111.00 | 126.00 | OK | |
r-patched-linux-x86_64 | 0.1.2 | 14.18 | 104.58 | 118.76 | OK | |
r-release-linux-x86_64 | 0.1.2 | 10.70 | 107.95 | 118.65 | OK | |
r-release-macos-arm64 | 0.1.2 | 56.00 | OK | |||
r-release-macos-x86_64 | 0.1.2 | 100.00 | OK | |||
r-release-windows-x86_64 | 0.1.2 | 14.00 | 114.00 | 128.00 | OK | |
r-oldrel-macos-arm64 | 0.1.2 | 56.00 | OK | |||
r-oldrel-macos-x86_64 | 0.1.2 | 101.00 | OK | |||
r-oldrel-windows-x86_64 | 0.1.2 | 18.00 | 147.00 | 165.00 | OK |
Version: 0.1.2
Check: CRAN incoming feasibility
Result: NOTE
Maintainer: ‘Chengxue Zhong <czhong9106@gmail.com>’
The Description field contains
(2021) <arXiv:2108.06568>.
Please refer to arXiv e-prints via their arXiv DOI <doi:10.48550/arXiv.YYMM.NNNNN>.
Flavors: r-devel-linux-x86_64-debian-clang, r-devel-linux-x86_64-debian-gcc
These binaries (installable software) and packages are in development.
They may not be fully stable and should be used with caution. We make no claims about them.