Last updated on 2025-05-21 21:49:10 CEST.
Flavor | Version | Tinstall | Tcheck | Ttotal | Status | Flags |
---|---|---|---|---|---|---|
r-devel-linux-x86_64-debian-clang | 1.1.3 | 83.48 | 194.26 | 277.74 | OK | |
r-devel-linux-x86_64-debian-gcc | 1.1.3 | 67.87 | 138.38 | 206.25 | OK | |
r-devel-linux-x86_64-fedora-clang | 1.1.3 | 532.95 | OK | |||
r-devel-linux-x86_64-fedora-gcc | 1.1.3 | 609.75 | OK | |||
r-devel-windows-x86_64 | 1.1.3 | 96.00 | 528.00 | 624.00 | OK | |
r-patched-linux-x86_64 | 1.1.3 | 96.67 | 192.72 | 289.39 | OK | |
r-release-linux-x86_64 | 1.1.3 | 94.38 | 192.23 | 286.61 | OK | |
r-release-macos-arm64 | 1.1.3 | 165.00 | OK | |||
r-release-macos-x86_64 | 1.1.3 | 267.00 | OK | |||
r-release-windows-x86_64 | 1.1.3 | 95.00 | 524.00 | 619.00 | OK | |
r-oldrel-macos-arm64 | 1.1.3 | 136.00 | NOTE | |||
r-oldrel-macos-x86_64 | 1.1.3 | 287.00 | NOTE | |||
r-oldrel-windows-x86_64 | 1.1.3 | 113.00 | 546.00 | 659.00 | OK |
Version: 1.1.3
Check: installed package size
Result: NOTE
installed size is 13.3Mb
sub-directories of 1Mb or more:
libs 12.9Mb
Flavors: r-oldrel-macos-arm64, r-oldrel-macos-x86_64
These binaries (installable software) and packages are in development.
They may not be fully stable and should be used with caution. We make no claims about them.