Last updated on 2025-11-11 17:49:53 CET.
| Flavor | Version | Tinstall | Tcheck | Ttotal | Status | Flags |
|---|---|---|---|---|---|---|
| r-devel-linux-x86_64-debian-clang | 0.4.0 | 10.03 | 530.64 | 540.67 | OK | |
| r-devel-linux-x86_64-debian-gcc | 0.4.0 | 6.47 | 430.17 | 436.64 | OK | |
| r-devel-linux-x86_64-fedora-clang | 0.4.0 | 36.00 | 745.05 | 781.05 | NOTE | |
| r-devel-linux-x86_64-fedora-gcc | 0.4.0 | 24.00 | 879.09 | 903.09 | NOTE | |
| r-devel-windows-x86_64 | 0.4.0 | 11.00 | 797.00 | 808.00 | OK | |
| r-patched-linux-x86_64 | 0.4.0 | 9.48 | 562.68 | 572.16 | OK | |
| r-release-linux-x86_64 | 0.4.0 | 9.35 | 555.18 | 564.53 | OK | |
| r-release-macos-arm64 | 0.4.0 | 5.00 | 262.00 | 267.00 | OK | |
| r-release-macos-x86_64 | 0.4.0 | 9.00 | 627.00 | 636.00 | OK | |
| r-release-windows-x86_64 | 0.4.0 | 11.00 | 756.00 | 767.00 | OK | |
| r-oldrel-macos-arm64 | 0.4.0 | 4.00 | 246.00 | 250.00 | OK | |
| r-oldrel-macos-x86_64 | 0.4.0 | 9.00 | 488.00 | 497.00 | OK | |
| r-oldrel-windows-x86_64 | 0.4.0 | 17.00 | 662.00 | 679.00 | OK |
Version: 0.4.0
Check: dependencies in R code
Result: NOTE
Namespaces in Imports field not imported from:
‘HDInterval’ ‘carData’ ‘rjags’
All declared Imports should be used.
Flavors: r-devel-linux-x86_64-fedora-clang, r-devel-linux-x86_64-fedora-gcc
These binaries (installable software) and packages are in development.
They may not be fully stable and should be used with caution. We make no claims about them.