CRAN Package Check Results for Package BayesProject

Last updated on 2025-05-01 10:50:04 CEST.

Flavor Version Tinstall Tcheck Ttotal Status Flags
r-devel-linux-x86_64-debian-clang 1.0 23.24 27.26 50.50 NOTE
r-devel-linux-x86_64-debian-gcc 1.0 16.66 22.67 39.33 NOTE
r-devel-linux-x86_64-fedora-clang 1.0 85.77 OK
r-devel-linux-x86_64-fedora-gcc 1.0 90.02 OK
r-devel-windows-x86_64 1.0 25.00 68.00 93.00 OK
r-patched-linux-x86_64 1.0 24.38 27.60 51.98 OK
r-release-linux-x86_64 OK
r-release-macos-arm64 1.0 33.00 OK
r-release-macos-x86_64 1.0 48.00 OK
r-release-windows-x86_64 1.0 26.00 77.00 103.00 OK
r-oldrel-macos-arm64 1.0 28.00 NOTE
r-oldrel-macos-x86_64 1.0 43.00 NOTE
r-oldrel-windows-x86_64 1.0 28.00 75.00 103.00 OK

Check Details

Version: 1.0
Check: CRAN incoming feasibility
Result: NOTE Maintainer: ‘Georg Hahn <ghahn@hsph.harvard.edu>’ No Authors@R field in DESCRIPTION. Please add one, modifying Authors@R: c(person(given = "Georg", family = "Hahn", role = c("aut", "cre"), email = "ghahn@hsph.harvard.edu"), person(given = "Paul", family = "Fearnhead", role = "ctb"), person(given = c("Idris", "A."), family = "Eckley", role = "ctb")) as necessary. Flavors: r-devel-linux-x86_64-debian-clang, r-devel-linux-x86_64-debian-gcc

Version: 1.0
Check: installed package size
Result: NOTE installed size is 8.8Mb sub-directories of 1Mb or more: libs 8.7Mb Flavors: r-oldrel-macos-arm64, r-oldrel-macos-x86_64

These binaries (installable software) and packages are in development.
They may not be fully stable and should be used with caution. We make no claims about them.