Last updated on 2025-07-01 11:49:14 CEST.
Flavor | Version | Tinstall | Tcheck | Ttotal | Status | Flags |
---|---|---|---|---|---|---|
r-devel-linux-x86_64-debian-clang | 1.41 | 9.21 | 62.32 | 71.53 | NOTE | |
r-devel-linux-x86_64-debian-gcc | 1.41 | 6.19 | 45.77 | 51.96 | NOTE | |
r-devel-linux-x86_64-fedora-clang | 1.41 | 110.96 | OK | |||
r-devel-linux-x86_64-fedora-gcc | 1.41 | 107.29 | OK | |||
r-devel-windows-x86_64 | 1.41 | 9.00 | 73.00 | 82.00 | OK | |
r-patched-linux-x86_64 | OK | |||||
r-release-linux-x86_64 | 1.41 | 8.57 | 58.59 | 67.16 | OK | |
r-release-macos-arm64 | 1.41 | 37.00 | OK | |||
r-release-macos-x86_64 | 1.41 | 68.00 | OK | |||
r-release-windows-x86_64 | 1.41 | 9.00 | 74.00 | 83.00 | OK | |
r-oldrel-macos-arm64 | 1.41 | 33.00 | OK | |||
r-oldrel-macos-x86_64 | 1.41 | 53.00 | OK | |||
r-oldrel-windows-x86_64 | 1.41 | 11.00 | 90.00 | 101.00 | OK |
Version: 1.41
Check: CRAN incoming feasibility
Result: NOTE
Maintainer: ‘Minsuk Shin <minsuk000@gmail.com>’
No Authors@R field in DESCRIPTION.
Please add one, modifying
Authors@R: c(person(given = "Minsuk",
family = "Shin",
role = c("aut", "cre"),
email = "minsuk000@gmail.com"),
person(given = "Ruoxuan",
family = "Tian",
role = "aut"))
as necessary.
Flavors: r-devel-linux-x86_64-debian-clang, r-devel-linux-x86_64-debian-gcc
These binaries (installable software) and packages are in development.
They may not be fully stable and should be used with caution. We make no claims about them.