CRAN Package Check Results for Package BayesS5

Last updated on 2025-11-11 17:49:53 CET.

Flavor Version Tinstall Tcheck Ttotal Status Flags
r-devel-linux-x86_64-debian-clang 1.41 9.37 64.50 73.87 NOTE
r-devel-linux-x86_64-debian-gcc 1.41 5.59 47.35 52.94 NOTE
r-devel-linux-x86_64-fedora-clang 1.41 29.00 84.50 113.50 OK
r-devel-linux-x86_64-fedora-gcc 1.41 21.00 88.73 109.73 OK
r-devel-windows-x86_64 1.41 9.00 72.00 81.00 OK
r-patched-linux-x86_64 1.41 8.44 60.48 68.92 OK
r-release-linux-x86_64 1.41 8.75 61.76 70.51 OK
r-release-macos-arm64 1.41 4.00 33.00 37.00 OK
r-release-macos-x86_64 1.41 7.00 61.00 68.00 OK
r-release-windows-x86_64 1.41 9.00 73.00 82.00 OK
r-oldrel-macos-arm64 1.41 4.00 29.00 33.00 OK
r-oldrel-macos-x86_64 1.41 6.00 47.00 53.00 OK
r-oldrel-windows-x86_64 1.41 12.00 83.00 95.00 OK

Check Details

Version: 1.41
Check: CRAN incoming feasibility
Result: NOTE Maintainer: ‘Minsuk Shin <minsuk000@gmail.com>’ No Authors@R field in DESCRIPTION. Please add one, modifying Authors@R: c(person(given = "Minsuk", family = "Shin", role = c("aut", "cre"), email = "minsuk000@gmail.com"), person(given = "Ruoxuan", family = "Tian", role = "aut")) as necessary. Flavors: r-devel-linux-x86_64-debian-clang, r-devel-linux-x86_64-debian-gcc

These binaries (installable software) and packages are in development.
They may not be fully stable and should be used with caution. We make no claims about them.