Last updated on 2025-05-21 21:49:10 CEST.
Flavor | Version | Tinstall | Tcheck | Ttotal | Status | Flags |
---|---|---|---|---|---|---|
r-devel-linux-x86_64-debian-clang | 2.3-0 | 151.80 | 89.87 | 241.67 | OK | |
r-devel-linux-x86_64-debian-gcc | 2.3-0 | 115.34 | 67.06 | 182.40 | OK | |
r-devel-linux-x86_64-fedora-clang | 2.3-0 | 431.76 | OK | |||
r-devel-linux-x86_64-fedora-gcc | 2.3-0 | 503.30 | OK | |||
r-devel-windows-x86_64 | 2.3-0 | 164.00 | 130.00 | 294.00 | OK | |
r-patched-linux-x86_64 | 2.3-0 | 156.64 | 84.30 | 240.94 | OK | |
r-release-linux-x86_64 | 2.3-0 | 160.54 | 84.84 | 245.38 | OK | |
r-release-macos-arm64 | 2.3-0 | 107.00 | OK | |||
r-release-macos-x86_64 | 2.3-0 | 167.00 | OK | |||
r-release-windows-x86_64 | 2.3-0 | 167.00 | 136.00 | 303.00 | OK | |
r-oldrel-macos-arm64 | 2.3-0 | 107.00 | NOTE | |||
r-oldrel-macos-x86_64 | 2.3-0 | 160.00 | NOTE | |||
r-oldrel-windows-x86_64 | 2.3-0 | 193.00 | 158.00 | 351.00 | NOTE |
Version: 2.3-0
Check: installed package size
Result: NOTE
installed size is 18.6Mb
sub-directories of 1Mb or more:
data 1.5Mb
doc 1.5Mb
libs 14.7Mb
Flavors: r-oldrel-macos-arm64, r-oldrel-macos-x86_64, r-oldrel-windows-x86_64
These binaries (installable software) and packages are in development.
They may not be fully stable and should be used with caution. We make no claims about them.