Last updated on 2024-07-27 15:50:12 CEST.
Flavor | Version | Tinstall | Tcheck | Ttotal | Status | Flags |
---|---|---|---|---|---|---|
r-devel-linux-x86_64-debian-clang | 2.2-1 | 206.92 | 111.78 | 318.70 | OK | |
r-devel-linux-x86_64-debian-gcc | 2.2-1 | OK | ||||
r-devel-linux-x86_64-fedora-clang | 2.2-1 | 457.93 | NOTE | |||
r-devel-linux-x86_64-fedora-gcc | 2.2-1 | 472.73 | OK | |||
r-devel-windows-x86_64 | 2.2-1 | 148.00 | 129.00 | 277.00 | NOTE | |
r-patched-linux-x86_64 | 2.2-1 | OK | ||||
r-release-linux-x86_64 | 2.2-1 | 173.11 | 107.84 | 280.95 | OK | |
r-release-macos-arm64 | 2.2-1 | 127.00 | NOTE | |||
r-release-macos-x86_64 | 2.2-1 | 188.00 | NOTE | |||
r-release-windows-x86_64 | 2.2-1 | 171.00 | 128.00 | 299.00 | NOTE | |
r-oldrel-macos-arm64 | 2.2-1 | 255.00 | NOTE | |||
r-oldrel-macos-x86_64 | 2.2-1 | 344.00 | NOTE | |||
r-oldrel-windows-x86_64 | 2.2-1 | 175.00 | 156.00 | 331.00 | NOTE |
Version: 2.2-1
Check: installed package size
Result: NOTE
installed size is 5.4Mb
sub-directories of 1Mb or more:
data 1.5Mb
doc 1.4Mb
libs 1.6Mb
Flavors: r-devel-linux-x86_64-fedora-clang, r-devel-windows-x86_64, r-release-macos-arm64, r-release-macos-x86_64, r-release-windows-x86_64, r-oldrel-macos-arm64, r-oldrel-macos-x86_64, r-oldrel-windows-x86_64
These binaries (installable software) and packages are in development.
They may not be fully stable and should be used with caution. We make no claims about them.