Last updated on 2025-05-07 15:49:11 CEST.
Flavor | Version | Tinstall | Tcheck | Ttotal | Status | Flags |
---|---|---|---|---|---|---|
r-devel-linux-x86_64-debian-clang | 1.1.0 | 7.25 | 75.21 | 82.46 | OK | |
r-devel-linux-x86_64-debian-gcc | 1.1.0 | 4.96 | 51.49 | 56.45 | OK | |
r-devel-linux-x86_64-fedora-clang | 1.1.0 | 126.66 | NOTE | |||
r-devel-linux-x86_64-fedora-gcc | 1.1.0 | 150.05 | NOTE | |||
r-devel-windows-x86_64 | 1.1.0 | 7.00 | 91.00 | 98.00 | OK | |
r-patched-linux-x86_64 | 1.1.0 | 7.44 | 69.42 | 76.86 | OK | |
r-release-linux-x86_64 | 1.1.0 | 7.88 | 65.22 | 73.10 | OK | |
r-release-macos-arm64 | 1.1.0 | 81.00 | OK | |||
r-release-macos-x86_64 | 1.1.0 | 114.00 | OK | |||
r-release-windows-x86_64 | 1.1.0 | 8.00 | 95.00 | 103.00 | OK | |
r-oldrel-macos-arm64 | 1.1.0 | 50.00 | OK | |||
r-oldrel-macos-x86_64 | 1.1.0 | 79.00 | OK | |||
r-oldrel-windows-x86_64 | 1.1.0 | 10.00 | 110.00 | 120.00 | OK |
Version: 1.1.0
Check: dependencies in R code
Result: NOTE
Namespaces in Imports field not imported from:
‘MASS’ ‘Matrix’ ‘matrixcalc’ ‘stats’
All declared Imports should be used.
Flavors: r-devel-linux-x86_64-fedora-clang, r-devel-linux-x86_64-fedora-gcc
These binaries (installable software) and packages are in development.
They may not be fully stable and should be used with caution. We make no claims about them.