Last updated on 2025-07-12 21:50:37 CEST.
Flavor | Version | Tinstall | Tcheck | Ttotal | Status | Flags |
---|---|---|---|---|---|---|
r-devel-linux-x86_64-debian-clang | 1.1.0 | 6.36 | 76.99 | 83.35 | OK | |
r-devel-linux-x86_64-debian-gcc | 1.1.0 | 5.08 | 51.72 | 56.80 | OK | |
r-devel-linux-x86_64-fedora-clang | 1.1.0 | 131.11 | NOTE | |||
r-devel-linux-x86_64-fedora-gcc | 1.1.0 | 146.53 | NOTE | |||
r-devel-windows-x86_64 | 1.1.0 | 7.00 | 100.00 | 107.00 | OK | |
r-patched-linux-x86_64 | 1.1.0 | 7.58 | 65.40 | 72.98 | OK | |
r-release-linux-x86_64 | 1.1.0 | 6.57 | 72.46 | 79.03 | OK | |
r-release-macos-arm64 | 1.1.0 | 81.00 | OK | |||
r-release-macos-x86_64 | 1.1.0 | 114.00 | OK | |||
r-release-windows-x86_64 | 1.1.0 | 8.00 | 96.00 | 104.00 | OK | |
r-oldrel-macos-arm64 | 1.1.0 | 50.00 | OK | |||
r-oldrel-macos-x86_64 | 1.1.0 | 79.00 | OK | |||
r-oldrel-windows-x86_64 | 1.1.0 | 11.00 | 108.00 | 119.00 | OK |
Version: 1.1.0
Check: dependencies in R code
Result: NOTE
Namespaces in Imports field not imported from:
‘MASS’ ‘Matrix’ ‘matrixcalc’ ‘stats’
All declared Imports should be used.
Flavors: r-devel-linux-x86_64-fedora-clang, r-devel-linux-x86_64-fedora-gcc
These binaries (installable software) and packages are in development.
They may not be fully stable and should be used with caution. We make no claims about them.