Last updated on 2025-10-09 17:50:32 CEST.
Flavor | Version | Tinstall | Tcheck | Ttotal | Status | Flags |
---|---|---|---|---|---|---|
r-devel-linux-x86_64-debian-clang | 0.1.0 | 93.64 | 311.77 | 405.41 | OK | |
r-devel-linux-x86_64-debian-gcc | 0.1.0 | 62.04 | 264.57 | 326.61 | OK | |
r-devel-linux-x86_64-fedora-clang | 0.1.0 | 603.38 | OK | |||
r-devel-linux-x86_64-fedora-gcc | 0.1.0 | 638.77 | OK | |||
r-devel-windows-x86_64 | 0.1.0 | 104.00 | 317.00 | 421.00 | OK | |
r-patched-linux-x86_64 | 0.1.0 | 91.59 | 295.59 | 387.18 | OK | |
r-release-linux-x86_64 | 0.1.0 | 96.32 | 305.45 | 401.77 | OK | |
r-release-macos-arm64 | 0.1.0 | 185.00 | OK | |||
r-release-macos-x86_64 | 0.1.0 | 392.00 | OK | |||
r-release-windows-x86_64 | 0.1.0 | 105.00 | 314.00 | 419.00 | OK | |
r-oldrel-macos-arm64 | 0.1.0 | 183.00 | NOTE | |||
r-oldrel-macos-x86_64 | 0.1.0 | 323.00 | NOTE | |||
r-oldrel-windows-x86_64 | 0.1.0 | 127.00 | 411.00 | 538.00 | OK |
Version: 0.1.0
Check: installed package size
Result: NOTE
installed size is 7.1Mb
sub-directories of 1Mb or more:
libs 5.7Mb
Flavors: r-oldrel-macos-arm64, r-oldrel-macos-x86_64
These binaries (installable software) and packages are in development.
They may not be fully stable and should be used with caution. We make no claims about them.