Last updated on 2025-02-19 18:50:57 CET.
Flavor | Version | Tinstall | Tcheck | Ttotal | Status | Flags |
---|---|---|---|---|---|---|
r-devel-linux-x86_64-debian-clang | 0.3-1.5 | 16.57 | 23.97 | 40.54 | OK | |
r-devel-linux-x86_64-debian-gcc | 0.3-1.5 | 10.91 | 17.93 | 28.84 | OK | |
r-devel-linux-x86_64-fedora-clang | 0.3-1.5 | 89.40 | NOTE | |||
r-devel-linux-x86_64-fedora-gcc | 0.3-1.5 | 65.80 | NOTE | |||
r-devel-macos-arm64 | 0.3-1.5 | 27.00 | OK | |||
r-devel-macos-x86_64 | 0.3-1.5 | 39.00 | OK | |||
r-devel-windows-x86_64 | 0.3-1.5 | 20.00 | 62.00 | 82.00 | OK | |
r-patched-linux-x86_64 | 0.3-1.5 | 14.83 | 23.10 | 37.93 | OK | |
r-release-linux-x86_64 | 0.3-1.5 | 15.15 | 23.52 | 38.67 | OK | |
r-release-macos-arm64 | 0.3-1.5 | 29.00 | OK | |||
r-release-macos-x86_64 | 0.3-1.5 | 30.00 | OK | |||
r-release-windows-x86_64 | 0.3-1.5 | 20.00 | 64.00 | 84.00 | OK | |
r-oldrel-macos-arm64 | 0.3-1.5 | 30.00 | OK | |||
r-oldrel-macos-x86_64 | 0.3-1.5 | 77.00 | OK | |||
r-oldrel-windows-x86_64 | 0.3-1.5 | 21.00 | 66.00 | 87.00 | OK |
Version: 0.3-1.5
Check: compiled code
Result: NOTE
File ‘BayesTree/libs/BayesTree.so’:
Found no calls to: ‘R_registerRoutines’, ‘R_useDynamicSymbols’
It is good practice to register native routines and to disable symbol
search.
See ‘Writing portable packages’ in the ‘Writing R Extensions’ manual.
Flavors: r-devel-linux-x86_64-fedora-clang, r-devel-linux-x86_64-fedora-gcc
These binaries (installable software) and packages are in development.
They may not be fully stable and should be used with caution. We make no claims about them.