Last updated on 2025-05-01 10:50:04 CEST.
Flavor | Version | Tinstall | Tcheck | Ttotal | Status | Flags |
---|---|---|---|---|---|---|
r-devel-linux-x86_64-debian-clang | 1.0 | 6.21 | 36.33 | 42.54 | NOTE | |
r-devel-linux-x86_64-debian-gcc | 1.0 | 4.03 | 27.03 | 31.06 | NOTE | |
r-devel-linux-x86_64-fedora-clang | 1.0 | 67.34 | OK | |||
r-devel-linux-x86_64-fedora-gcc | 1.0 | 68.70 | OK | |||
r-devel-windows-x86_64 | 1.0 | 6.00 | 57.00 | 63.00 | OK | |
r-patched-linux-x86_64 | 1.0 | 5.67 | 34.36 | 40.03 | OK | |
r-release-linux-x86_64 | OK | |||||
r-release-macos-arm64 | 1.0 | 25.00 | OK | |||
r-release-macos-x86_64 | 1.0 | 44.00 | OK | |||
r-release-windows-x86_64 | 1.0 | 7.00 | 65.00 | 72.00 | OK | |
r-oldrel-macos-arm64 | 1.0 | 27.00 | OK | |||
r-oldrel-macos-x86_64 | 1.0 | 32.00 | OK | |||
r-oldrel-windows-x86_64 | 1.0 | 7.00 | 61.00 | 68.00 | OK |
Version: 1.0
Check: CRAN incoming feasibility
Result: NOTE
Maintainer: ‘Inga Schwabe <bayestwin@gmail.com>’
No Authors@R field in DESCRIPTION.
Please add one, modifying
Authors@R: person(given = "Inga",
family = "Schwabe",
role = c("aut", "cre"),
email = "bayestwin@gmail.com")
as necessary.
The BugReports field in DESCRIPTION has
https://github.com/ingaschwabe/BayesTwin
which should likely be
https://github.com/ingaschwabe/BayesTwin/issues
instead.
Flavors: r-devel-linux-x86_64-debian-clang, r-devel-linux-x86_64-debian-gcc
These binaries (installable software) and packages are in development.
They may not be fully stable and should be used with caution. We make no claims about them.