Last updated on 2025-05-01 17:55:57 CEST.
Flavor | Version | Tinstall | Tcheck | Ttotal | Status | Flags |
---|---|---|---|---|---|---|
r-devel-linux-x86_64-debian-clang | 3.0-6 | 670.62 | 32.61 | 703.23 | OK | |
r-devel-linux-x86_64-debian-gcc | 3.0-6 | 607.62 | 25.45 | 633.07 | OK | |
r-devel-linux-x86_64-fedora-clang | 3.0-6 | 1378.49 | OK | |||
r-devel-linux-x86_64-fedora-gcc | 3.0-6 | 1764.28 | OK | |||
r-devel-windows-x86_64 | 3.0-6 | 1043.00 | 67.00 | 1110.00 | OK | |
r-patched-linux-x86_64 | 3.0-6 | 831.98 | 28.06 | 860.04 | OK | |
r-release-linux-x86_64 | OK | |||||
r-release-macos-arm64 | 3.0-6 | 383.00 | OK | |||
r-release-macos-x86_64 | 3.0-6 | 306.00 | OK | |||
r-release-windows-x86_64 | 3.0-6 | 1048.00 | 68.00 | 1116.00 | OK | |
r-oldrel-macos-arm64 | 3.0-6 | 429.00 | NOTE | |||
r-oldrel-macos-x86_64 | 3.0-6 | 316.00 | NOTE | |||
r-oldrel-windows-x86_64 | 3.0-6 | 1025.00 | 67.00 | 1092.00 | NOTE |
Version: 3.0-6
Check: installed package size
Result: NOTE
installed size is 10.8Mb
sub-directories of 1Mb or more:
libs 10.7Mb
Flavors: r-oldrel-macos-arm64, r-oldrel-macos-x86_64, r-oldrel-windows-x86_64
Version: 3.0-6
Check: for GNU extensions in Makefiles
Result: NOTE
GNU make is a SystemRequirements.
Flavors: r-oldrel-macos-arm64, r-oldrel-macos-x86_64, r-oldrel-windows-x86_64
These binaries (installable software) and packages are in development.
They may not be fully stable and should be used with caution. We make no claims about them.