Last updated on 2024-07-27 15:50:12 CEST.
Flavor | Version | Tinstall | Tcheck | Ttotal | Status | Flags |
---|---|---|---|---|---|---|
r-devel-linux-x86_64-debian-clang | 3.0-5 | 873.29 | 39.30 | 912.59 | NOTE | |
r-devel-linux-x86_64-debian-gcc | 3.0-5 | NOTE | ||||
r-devel-linux-x86_64-fedora-clang | 3.0-5 | 1452.93 | NOTE | |||
r-devel-linux-x86_64-fedora-gcc | 3.0-5 | 1785.66 | NOTE | |||
r-devel-windows-x86_64 | 3.0-5 | 1119.00 | 62.00 | 1181.00 | NOTE | |
r-patched-linux-x86_64 | 3.0-5 | NOTE | ||||
r-release-linux-x86_64 | 3.0-5 | 932.84 | 35.51 | 968.35 | NOTE | |
r-release-macos-arm64 | 3.0-5 | 355.00 | NOTE | |||
r-release-macos-x86_64 | 3.0-5 | 267.00 | NOTE | |||
r-release-windows-x86_64 | 3.0-5 | 1115.00 | 63.00 | 1178.00 | NOTE | |
r-oldrel-macos-arm64 | 3.0-5 | 395.00 | NOTE | |||
r-oldrel-macos-x86_64 | 3.0-5 | 361.00 | NOTE | |||
r-oldrel-windows-x86_64 | 3.0-5 | 1116.00 | 66.00 | 1182.00 | NOTE |
Version: 3.0-5
Check: for GNU extensions in Makefiles
Result: NOTE
GNU make is a SystemRequirements.
Flavors: r-devel-linux-x86_64-debian-clang, r-devel-linux-x86_64-debian-gcc, r-devel-linux-x86_64-fedora-clang, r-devel-linux-x86_64-fedora-gcc, r-devel-windows-x86_64, r-patched-linux-x86_64, r-release-linux-x86_64, r-release-macos-arm64, r-release-macos-x86_64, r-release-windows-x86_64, r-oldrel-macos-arm64, r-oldrel-macos-x86_64, r-oldrel-windows-x86_64
Version: 3.0-5
Check: installed package size
Result: NOTE
installed size is 11.8Mb
sub-directories of 1Mb or more:
libs 11.7Mb
Flavors: r-devel-linux-x86_64-fedora-clang, r-devel-windows-x86_64, r-release-macos-arm64, r-release-macos-x86_64, r-release-windows-x86_64, r-oldrel-macos-arm64, r-oldrel-macos-x86_64, r-oldrel-windows-x86_64
These binaries (installable software) and packages are in development.
They may not be fully stable and should be used with caution. We make no claims about them.