Last updated on 2024-07-27 15:50:11 CEST.
Flavor | Version | Tinstall | Tcheck | Ttotal | Status | Flags |
---|---|---|---|---|---|---|
r-devel-linux-x86_64-debian-clang | 0.3.11 | 83.97 | 157.17 | 241.14 | NOTE | |
r-devel-linux-x86_64-debian-gcc | 0.3.11 | NOTE | ||||
r-devel-linux-x86_64-fedora-clang | 0.3.11 | 312.80 | OK | |||
r-devel-linux-x86_64-fedora-gcc | 0.3.11 | 312.94 | OK | |||
r-devel-windows-x86_64 | 0.3.11 | 67.00 | 150.00 | 217.00 | NOTE | |
r-patched-linux-x86_64 | 0.3.11 | NOTE | ||||
r-release-linux-x86_64 | 0.3.11 | 59.43 | 149.66 | 209.09 | NOTE | |
r-release-macos-arm64 | 0.3.11 | 80.00 | NOTE | |||
r-release-macos-x86_64 | 0.3.11 | 193.00 | NOTE | |||
r-release-windows-x86_64 | 0.3.11 | 63.00 | 147.00 | 210.00 | OK | |
r-oldrel-macos-arm64 | 0.3.11 | 83.00 | NOTE | |||
r-oldrel-macos-x86_64 | 0.3.11 | 147.00 | NOTE | |||
r-oldrel-windows-x86_64 | 0.3.11 | 76.00 | 187.00 | 263.00 | NOTE |
Version: 0.3.11
Check: package dependencies
Result: NOTE
Package suggested but not available for checking: ‘INLA’
Flavors: r-devel-linux-x86_64-debian-clang, r-devel-linux-x86_64-debian-gcc, r-patched-linux-x86_64, r-release-linux-x86_64, r-release-macos-arm64, r-release-macos-x86_64, r-oldrel-macos-arm64, r-oldrel-macos-x86_64, r-oldrel-windows-x86_64
Version: 0.3.11
Check: Rd cross-references
Result: NOTE
Found the following Rd file(s) with Rd \link{} targets missing package
anchors:
id_activations.posterior.Rd: excursions.inla
Please provide package anchors for all Rd \link{} targets not in the
package itself and the base packages.
Flavors: r-devel-linux-x86_64-debian-gcc, r-devel-windows-x86_64
Version: 0.3.11
Check: installed package size
Result: NOTE
installed size is 17.0Mb
sub-directories of 1Mb or more:
libs 16.6Mb
Flavors: r-release-macos-arm64, r-release-macos-x86_64, r-oldrel-macos-arm64, r-oldrel-macos-x86_64
These binaries (installable software) and packages are in development.
They may not be fully stable and should be used with caution. We make no claims about them.