Last updated on 2025-05-21 21:49:10 CEST.
Flavor | Version | Tinstall | Tcheck | Ttotal | Status | Flags |
---|---|---|---|---|---|---|
r-devel-linux-x86_64-debian-clang | 0.10.1 | 67.25 | 133.29 | 200.54 | OK | |
r-devel-linux-x86_64-debian-gcc | 0.10.1 | 49.91 | 98.53 | 148.44 | OK | |
r-devel-linux-x86_64-fedora-clang | 0.10.1 | 261.91 | OK | |||
r-devel-linux-x86_64-fedora-gcc | 0.10.1 | 327.53 | OK | |||
r-devel-windows-x86_64 | 0.10.1 | 72.00 | 164.00 | 236.00 | OK | |
r-patched-linux-x86_64 | 0.10.1 | 69.12 | 129.08 | 198.20 | OK | |
r-release-linux-x86_64 | 0.10.1 | 66.04 | 130.93 | 196.97 | OK | |
r-release-macos-arm64 | 0.10.1 | 82.00 | OK | |||
r-release-macos-x86_64 | 0.10.1 | 101.00 | OK | |||
r-release-windows-x86_64 | 0.10.1 | 70.00 | 159.00 | 229.00 | OK | |
r-oldrel-macos-arm64 | 0.10.1 | 75.00 | NOTE | |||
r-oldrel-macos-x86_64 | 0.10.1 | 125.00 | NOTE | |||
r-oldrel-windows-x86_64 | 0.10.1 | 84.00 | 198.00 | 282.00 | OK |
Version: 0.10.1
Check: package dependencies
Result: NOTE
Package suggested but not available for checking: ‘INLA’
Flavors: r-oldrel-macos-arm64, r-oldrel-macos-x86_64
Version: 0.10.1
Check: installed package size
Result: NOTE
installed size is 17.3Mb
sub-directories of 1Mb or more:
libs 16.6Mb
Flavors: r-oldrel-macos-arm64, r-oldrel-macos-x86_64
These binaries (installable software) and packages are in development.
They may not be fully stable and should be used with caution. We make no claims about them.