CRAN Package Check Results for Package BayesianGLasso

Last updated on 2025-11-16 03:49:48 CET.

Flavor Version Tinstall Tcheck Ttotal Status Flags
r-devel-linux-x86_64-debian-clang 0.2.0 1.73 19.35 21.08 OK
r-devel-linux-x86_64-debian-gcc 0.2.0 1.34 15.78 17.12 OK
r-devel-linux-x86_64-fedora-clang 0.2.0 31.58 OK
r-devel-linux-x86_64-fedora-gcc 0.2.0 29.74 OK
r-devel-windows-x86_64 0.2.0 4.00 37.00 41.00 OK
r-patched-linux-x86_64 0.2.0 1.57 17.82 19.39 OK
r-release-linux-x86_64 0.2.0 1.71 18.00 19.71 OK
r-release-macos-arm64 0.2.0 1.00 13.00 14.00 OK
r-release-macos-x86_64 0.2.0 2.00 26.00 28.00 OK
r-release-windows-x86_64 0.2.0 3.00 37.00 40.00 OK
r-oldrel-macos-arm64 0.2.0 1.00 19.00 20.00 NOTE
r-oldrel-macos-x86_64 0.2.0 1.00 19.00 20.00 NOTE
r-oldrel-windows-x86_64 0.2.0 3.00 41.00 44.00 NOTE

Check Details

Version: 0.2.0
Check: LazyData
Result: NOTE 'LazyData' is specified without a 'data' directory Flavors: r-oldrel-macos-arm64, r-oldrel-macos-x86_64, r-oldrel-windows-x86_64

These binaries (installable software) and packages are in development.
They may not be fully stable and should be used with caution. We make no claims about them.