Last updated on 2025-11-12 19:51:42 CET.
| Flavor | Version | Tinstall | Tcheck | Ttotal | Status | Flags |
|---|---|---|---|---|---|---|
| r-devel-linux-x86_64-debian-clang | 0.3.6 | 107.07 | 33.34 | 140.41 | OK | |
| r-devel-linux-x86_64-debian-gcc | 0.3.6 | 77.62 | 36.69 | 114.31 | OK | |
| r-devel-linux-x86_64-fedora-clang | 0.3.6 | 173.00 | 128.29 | 301.29 | OK | |
| r-devel-linux-x86_64-fedora-gcc | 0.3.6 | 188.00 | 92.00 | 280.00 | OK | |
| r-devel-windows-x86_64 | 0.3.6 | 130.00 | 84.00 | 214.00 | OK | |
| r-patched-linux-x86_64 | 0.3.6 | 115.00 | 44.46 | 159.46 | OK | |
| r-release-linux-x86_64 | 0.3.6 | 112.67 | 44.77 | 157.44 | OK | |
| r-release-macos-arm64 | 0.3.6 | 39.00 | 27.00 | 66.00 | OK | |
| r-release-macos-x86_64 | 0.3.6 | 68.00 | 107.00 | 175.00 | OK | |
| r-release-windows-x86_64 | 0.3.6 | 126.00 | 79.00 | 205.00 | OK | |
| r-oldrel-macos-arm64 | 0.3.6 | 38.00 | 31.00 | 69.00 | NOTE | |
| r-oldrel-macos-x86_64 | 0.3.6 | 72.00 | 128.00 | 200.00 | NOTE | |
| r-oldrel-windows-x86_64 | 0.3.6 | 151.00 | 102.00 | 253.00 | OK |
Version: 0.3.6
Check: installed package size
Result: NOTE
installed size is 7.3Mb
sub-directories of 1Mb or more:
libs 7.1Mb
Flavors: r-oldrel-macos-arm64, r-oldrel-macos-x86_64
These binaries (installable software) and packages are in development.
They may not be fully stable and should be used with caution. We make no claims about them.