CRAN Package Check Results for Package BayesianPower

Last updated on 2025-02-16 10:50:42 CET.

Flavor Version Tinstall Tcheck Ttotal Status Flags
r-devel-linux-x86_64-debian-clang 0.2.3 1.45 26.87 28.32 OK
r-devel-linux-x86_64-debian-gcc 0.2.3 1.52 20.03 21.55 OK
r-devel-linux-x86_64-fedora-clang 0.2.3 48.77 OK
r-devel-linux-x86_64-fedora-gcc 0.2.3 57.41 OK
r-devel-macos-arm64 0.2.3 25.00 OK
r-devel-macos-x86_64 0.2.3 48.00 OK
r-devel-windows-x86_64 0.2.3 3.00 55.00 58.00 OK
r-patched-linux-x86_64 0.2.3 1.88 24.71 26.59 NOTE
r-release-linux-x86_64 0.2.3 1.43 25.00 26.43 NOTE
r-release-macos-arm64 0.2.3 26.00 NOTE
r-release-macos-x86_64 0.2.3 44.00 NOTE
r-release-windows-x86_64 0.2.3 3.00 48.00 51.00 NOTE
r-oldrel-macos-arm64 0.2.3 23.00 NOTE
r-oldrel-macos-x86_64 0.2.3 36.00 NOTE
r-oldrel-windows-x86_64 0.2.3 3.00 49.00 52.00 NOTE

Check Details

Version: 0.2.3
Check: LazyData
Result: NOTE 'LazyData' is specified without a 'data' directory Flavors: r-patched-linux-x86_64, r-release-linux-x86_64, r-release-macos-arm64, r-release-macos-x86_64, r-release-windows-x86_64, r-oldrel-macos-arm64, r-oldrel-macos-x86_64, r-oldrel-windows-x86_64

These binaries (installable software) and packages are in development.
They may not be fully stable and should be used with caution. We make no claims about them.