CRAN Package Check Results for Package BayesianPower

Last updated on 2025-05-08 04:51:59 CEST.

Flavor Version Tinstall Tcheck Ttotal Status Flags
r-devel-linux-x86_64-debian-clang 0.2.3 1.86 28.02 29.88 NOTE
r-devel-linux-x86_64-debian-gcc 0.2.3 1.44 20.86 22.30 NOTE
r-devel-linux-x86_64-fedora-clang 0.2.3 48.06 OK
r-devel-linux-x86_64-fedora-gcc 0.2.3 62.24 OK
r-devel-windows-x86_64 0.2.3 4.00 48.00 52.00 OK
r-patched-linux-x86_64 0.2.3 1.54 26.23 27.77 OK
r-release-linux-x86_64 0.2.3 1.67 25.97 27.64 OK
r-release-macos-arm64 0.2.3 24.00 OK
r-release-macos-x86_64 0.2.3 49.00 OK
r-release-windows-x86_64 0.2.3 3.00 49.00 52.00 OK
r-oldrel-macos-arm64 0.2.3 26.00 NOTE
r-oldrel-macos-x86_64 0.2.3 44.00 NOTE
r-oldrel-windows-x86_64 0.2.3 4.00 55.00 59.00 NOTE

Check Details

Version: 0.2.3
Check: CRAN incoming feasibility
Result: NOTE Maintainer: ‘Fayette Klaassen <klaassen.fayette@gmail.com>’ No Authors@R field in DESCRIPTION. Please add one, modifying Authors@R: person(given = "Fayette", family = "Klaassen", role = c("aut", "cre"), email = "klaassen.fayette@gmail.com") as necessary. Flavors: r-devel-linux-x86_64-debian-clang, r-devel-linux-x86_64-debian-gcc

Version: 0.2.3
Check: LazyData
Result: NOTE 'LazyData' is specified without a 'data' directory Flavors: r-oldrel-macos-arm64, r-oldrel-macos-x86_64, r-oldrel-windows-x86_64

These binaries (installable software) and packages are in development.
They may not be fully stable and should be used with caution. We make no claims about them.