CRAN Package Check Results for Package BayesianReasoning

Last updated on 2025-05-08 04:51:59 CEST.

Flavor Version Tinstall Tcheck Ttotal Status Flags
r-devel-linux-x86_64-debian-clang 0.4.2 7.79 123.98 131.77 NOTE
r-devel-linux-x86_64-debian-gcc 0.4.2 5.62 85.66 91.28 NOTE
r-devel-linux-x86_64-fedora-clang 0.4.2 202.80 NOTE
r-devel-linux-x86_64-fedora-gcc 0.4.2 223.17 NOTE
r-devel-windows-x86_64 0.4.2 9.00 133.00 142.00 NOTE
r-patched-linux-x86_64 0.4.2 6.66 117.79 124.45 NOTE
r-release-linux-x86_64 0.4.2 6.94 117.68 124.62 NOTE
r-release-macos-arm64 0.4.2 83.00 NOTE
r-release-macos-x86_64 0.4.2 232.00 NOTE
r-release-windows-x86_64 0.4.2 12.00 135.00 147.00 NOTE
r-oldrel-macos-arm64 0.4.2 63.00 OK
r-oldrel-macos-x86_64 0.4.2 114.00 OK
r-oldrel-windows-x86_64 0.4.2 13.00 162.00 175.00 OK

Check Details

Version: 0.4.2
Check: DESCRIPTION meta-information
Result: NOTE Missing dependency on R >= 4.1.0 because package code uses the pipe |> or function shorthand \(...) syntax added in R 4.1.0. File(s) using such syntax: ‘plot_cutoff.R’ Flavors: r-devel-linux-x86_64-debian-clang, r-devel-linux-x86_64-debian-gcc, r-devel-linux-x86_64-fedora-clang, r-devel-linux-x86_64-fedora-gcc, r-devel-windows-x86_64, r-patched-linux-x86_64, r-release-linux-x86_64, r-release-macos-arm64, r-release-macos-x86_64, r-release-windows-x86_64

These binaries (installable software) and packages are in development.
They may not be fully stable and should be used with caution. We make no claims about them.