CRAN Package Check Results for Package Bayesiantreg

Last updated on 2025-07-02 03:50:36 CEST.

Flavor Version Tinstall Tcheck Ttotal Status Flags
r-devel-linux-x86_64-debian-clang 1.0.1 7.40 54.83 62.23 NOTE
r-devel-linux-x86_64-debian-gcc 1.0.1 4.46 42.89 47.35 NOTE
r-devel-linux-x86_64-fedora-clang 1.0.1 95.39 OK
r-devel-linux-x86_64-fedora-gcc 1.0.1 91.34 OK
r-devel-windows-x86_64 1.0.1 7.00 68.00 75.00 OK
r-patched-linux-x86_64 OK
r-release-linux-x86_64 1.0.1 5.69 51.92 57.61 OK
r-release-macos-arm64 1.0.1 34.00 OK
r-release-macos-x86_64 1.0.1 66.00 OK
r-release-windows-x86_64 1.0.1 8.00 72.00 80.00 OK
r-oldrel-macos-arm64 1.0.1 29.00 OK
r-oldrel-macos-x86_64 1.0.1 47.00 OK
r-oldrel-windows-x86_64 1.0.1 10.00 84.00 94.00 OK

Check Details

Version: 1.0.1
Check: CRAN incoming feasibility
Result: NOTE Maintainer: ‘Margarita Marin <mmarinj@unal.edu.co>’ No Authors@R field in DESCRIPTION. Please add one, modifying Authors@R: c(person(given = "Margarita", family = "Marin", role = c("aut", "cre"), email = "mmarinj@unal.edu.co"), person(given = "Edilberto", family = "Cepeda-Cuervo.", role = "aut")) as necessary. Flavors: r-devel-linux-x86_64-debian-clang, r-devel-linux-x86_64-debian-gcc

These binaries (installable software) and packages are in development.
They may not be fully stable and should be used with caution. We make no claims about them.