Last updated on 2025-02-02 14:48:18 CET.
Flavor | Version | Tinstall | Tcheck | Ttotal | Status | Flags |
---|---|---|---|---|---|---|
r-devel-linux-x86_64-debian-clang | 0.7.7 | 73.09 | 73.38 | 146.47 | NOTE | |
r-devel-linux-x86_64-debian-gcc | 0.7.7 | 50.45 | 46.83 | 97.28 | NOTE | |
r-devel-linux-x86_64-fedora-clang | 0.7.7 | 272.75 | NOTE | |||
r-devel-linux-x86_64-fedora-gcc | 0.7.7 | 260.48 | NOTE | |||
r-devel-windows-x86_64 | 0.7.7 | 78.00 | 105.00 | 183.00 | OK | |
r-patched-linux-x86_64 | 0.7.7 | 70.93 | 67.42 | 138.35 | OK | |
r-release-linux-x86_64 | 0.7.7 | 71.26 | 69.31 | 140.57 | OK | |
r-release-macos-arm64 | 0.7.7 | 63.00 | OK | |||
r-release-macos-x86_64 | 0.7.7 | 76.00 | OK | |||
r-release-windows-x86_64 | 0.7.7 | 79.00 | 97.00 | 176.00 | OK | |
r-oldrel-macos-arm64 | 0.7.7 | 67.00 | OK | |||
r-oldrel-macos-x86_64 | 0.7.7 | 103.00 | OK | |||
r-oldrel-windows-x86_64 | 0.7.7 | 94.00 | 122.00 | 216.00 | OK |
Version: 0.7.7
Check: top-level files
Result: NOTE
possible bashism in configure.ac line 22 (test -a/-o):
if test [-n "$PKG_CFLAGS" -a -n "$PKG_CPPFLAGS" -a -n "$PKG_LIBS"] ; then
possible bashism in configure.ac line 25 (test -a/-o):
if test [-n "$PKG_CFLAGS" -o -n "$PKG_CPPFLAGS" -o -n "$PKG_LIBS"] ; then
possible bashism in configure.ac line 41 (test -a/-o):
if test [-z "$FOUND_ALL" -a -n "$CSDP_DIR"] ; then
possible bashism in configure.ac line 99 (should be 'b = a'):
if test "${ac_cv_header_declarations_h}" == no; then
Flavors: r-devel-linux-x86_64-debian-clang, r-devel-linux-x86_64-debian-gcc, r-devel-linux-x86_64-fedora-clang, r-devel-linux-x86_64-fedora-gcc
These binaries (installable software) and packages are in development.
They may not be fully stable and should be used with caution. We make no claims about them.