CRAN Package Check Results for Package BcDiag

Last updated on 2025-10-28 01:50:27 CET.

Flavor Version Tinstall Tcheck Ttotal Status Flags
r-devel-linux-x86_64-debian-clang 1.0.10 4.93 55.54 60.47 NOTE
r-devel-linux-x86_64-debian-gcc 1.0.10 3.24 40.17 43.41 NOTE
r-devel-linux-x86_64-fedora-clang 1.0.10 11.00 78.13 89.13 NOTE
r-devel-linux-x86_64-fedora-gcc 1.0.10 23.00 71.50 94.50 NOTE
r-devel-windows-x86_64 1.0.10 7.00 70.00 77.00 OK
r-patched-linux-x86_64 1.0.10 4.61 54.02 58.63 NOTE
r-release-linux-x86_64 1.0.10 4.29 52.22 56.51 NOTE
r-release-macos-arm64 1.0.10 3.00 29.00 32.00 OK
r-release-macos-x86_64 1.0.10 4.00 51.00 55.00 OK
r-release-windows-x86_64 1.0.10 5.00 73.00 78.00 OK
r-oldrel-macos-arm64 1.0.10 3.00 32.00 35.00 OK
r-oldrel-macos-x86_64 1.0.10 5.00 75.00 80.00 OK
r-oldrel-windows-x86_64 1.0.10 7.00 88.00 95.00 OK

Check Details

Version: 1.0.10
Check: CRAN incoming feasibility
Result: NOTE Maintainer: ‘Ewoud De Troyer <ewoud.detroyer@uhasselt.be>’ No Authors@R field in DESCRIPTION. Please add one, modifying Authors@R: c(person(given = "Aregay", family = "Mengsteab", role = "aut"), person(given = "Martin", family = "Otava", role = "aut"), person(given = "Tatsiana", family = "Khamiakova", role = "aut"), person(given = "Ewoud", family = "De Troyer", role = c("aut", "cre"), email = "ewoud.detroyer@uhasselt.be")) as necessary. Flavors: r-devel-linux-x86_64-debian-clang, r-devel-linux-x86_64-debian-gcc

Version: 1.0.10
Check: for non-standard things in the check directory
Result: NOTE Found the following files/directories: ‘fabiabreast.txt’ Flavors: r-devel-linux-x86_64-debian-clang, r-devel-linux-x86_64-debian-gcc, r-devel-linux-x86_64-fedora-clang, r-devel-linux-x86_64-fedora-gcc, r-patched-linux-x86_64, r-release-linux-x86_64

These binaries (installable software) and packages are in development.
They may not be fully stable and should be used with caution. We make no claims about them.