Last updated on 2024-07-27 15:50:12 CEST.
Flavor | Version | Tinstall | Tcheck | Ttotal | Status | Flags |
---|---|---|---|---|---|---|
r-devel-linux-x86_64-debian-clang | 2.0.4 | 106.80 | 95.82 | 202.62 | OK | |
r-devel-linux-x86_64-debian-gcc | 2.0.4 | OK | ||||
r-devel-linux-x86_64-fedora-clang | 2.0.4 | 261.82 | OK | |||
r-devel-linux-x86_64-fedora-gcc | 2.0.4 | 287.26 | OK | |||
r-devel-windows-x86_64 | 2.0.4 | 74.00 | 115.00 | 189.00 | OK | |
r-patched-linux-x86_64 | 2.0.4 | OK | ||||
r-release-linux-x86_64 | 2.0.4 | 99.55 | 102.29 | 201.84 | OK | |
r-release-macos-arm64 | 2.0.4 | 70.00 | NOTE | |||
r-release-macos-x86_64 | 2.0.4 | 98.00 | NOTE | |||
r-release-windows-x86_64 | 2.0.4 | 82.00 | 117.00 | 199.00 | OK | |
r-oldrel-macos-arm64 | 2.0.4 | 75.00 | NOTE | |||
r-oldrel-macos-x86_64 | 2.0.4 | 171.00 | NOTE | |||
r-oldrel-windows-x86_64 | 2.0.4 | 98.00 | 136.00 | 234.00 | OK |
Version: 2.0.4
Check: installed package size
Result: NOTE
installed size is 31.1Mb
sub-directories of 1Mb or more:
libs 30.1Mb
Flavors: r-release-macos-arm64, r-release-macos-x86_64, r-oldrel-macos-arm64, r-oldrel-macos-x86_64
These binaries (installable software) and packages are in development.
They may not be fully stable and should be used with caution. We make no claims about them.