CRAN Package Check Results for Package BeSS

Last updated on 2025-07-21 15:50:57 CEST.

Flavor Version Tinstall Tcheck Ttotal Status Flags
r-devel-linux-x86_64-debian-clang 2.0.4 80.47 80.04 160.51 OK
r-devel-linux-x86_64-debian-gcc 2.0.4 62.13 69.02 131.15 OK
r-devel-linux-x86_64-fedora-clang 2.0.4 245.60 OK
r-devel-linux-x86_64-fedora-gcc 2.0.4 275.70 OK
r-devel-windows-x86_64 2.0.4 78.00 112.00 190.00 OK
r-patched-linux-x86_64 2.0.4 84.19 91.33 175.52 OK
r-release-linux-x86_64 2.0.4 86.53 88.07 174.60 OK
r-release-macos-arm64 2.0.4 78.00 OK
r-release-macos-x86_64 2.0.4 127.00 OK
r-release-windows-x86_64 2.0.4 80.00 112.00 192.00 OK
r-oldrel-macos-arm64 2.0.4 70.00 NOTE
r-oldrel-macos-x86_64 2.0.4 98.00 NOTE
r-oldrel-windows-x86_64 2.0.4 97.00 150.00 247.00 OK

Check Details

Version: 2.0.4
Check: installed package size
Result: NOTE installed size is 31.1Mb sub-directories of 1Mb or more: libs 30.1Mb Flavors: r-oldrel-macos-arm64, r-oldrel-macos-x86_64

These binaries (installable software) and packages are in development.
They may not be fully stable and should be used with caution. We make no claims about them.