CRAN Package Check Results for Package BeSS

Last updated on 2025-05-08 04:51:59 CEST.

Flavor Version Tinstall Tcheck Ttotal Status Flags
r-devel-linux-x86_64-debian-clang 2.0.4 79.06 78.67 157.73 OK
r-devel-linux-x86_64-debian-gcc 2.0.4 61.56 70.57 132.13 OK
r-devel-linux-x86_64-fedora-clang 2.0.4 237.92 OK
r-devel-linux-x86_64-fedora-gcc 2.0.4 318.84 OK
r-devel-windows-x86_64 2.0.4 76.00 117.00 193.00 OK
r-patched-linux-x86_64 2.0.4 84.93 85.11 170.04 OK
r-release-linux-x86_64 2.0.4 85.24 85.41 170.65 OK
r-release-macos-arm64 2.0.4 78.00 OK
r-release-macos-x86_64 2.0.4 127.00 OK
r-release-windows-x86_64 2.0.4 78.00 129.00 207.00 OK
r-oldrel-macos-arm64 2.0.4 70.00 NOTE
r-oldrel-macos-x86_64 2.0.4 98.00 NOTE
r-oldrel-windows-x86_64 2.0.4 95.00 140.00 235.00 OK

Check Details

Version: 2.0.4
Check: installed package size
Result: NOTE installed size is 31.1Mb sub-directories of 1Mb or more: libs 30.1Mb Flavors: r-oldrel-macos-arm64, r-oldrel-macos-x86_64

These binaries (installable software) and packages are in development.
They may not be fully stable and should be used with caution. We make no claims about them.