Last updated on 2025-02-16 12:53:29 CET.
Flavor | Version | Tinstall | Tcheck | Ttotal | Status | Flags |
---|---|---|---|---|---|---|
r-devel-linux-x86_64-debian-clang | 1.3.0 | 333.30 | 390.77 | 724.07 | OK | |
r-devel-linux-x86_64-debian-gcc | 1.3.0 | 323.13 | 311.78 | 634.91 | OK | |
r-devel-linux-x86_64-fedora-clang | 1.3.0 | 1076.58 | OK | |||
r-devel-linux-x86_64-fedora-gcc | 1.3.0 | 1478.77 | OK | |||
r-devel-macos-arm64 | 1.3.0 | 367.00 | OK | |||
r-devel-macos-x86_64 | 1.3.0 | 583.00 | OK | |||
r-devel-windows-x86_64 | 1.3.0 | 321.00 | 479.00 | 800.00 | OK | |
r-patched-linux-x86_64 | 1.3.0 | 402.11 | 362.73 | 764.84 | OK | |
r-release-linux-x86_64 | 1.3.0 | 406.75 | 443.04 | 849.79 | OK | |
r-release-macos-arm64 | 1.3.0 | 172.00 | NOTE | |||
r-release-macos-x86_64 | 1.3.0 | 316.00 | NOTE | |||
r-release-windows-x86_64 | 1.3.0 | 327.00 | 509.00 | 836.00 | NOTE | |
r-oldrel-macos-arm64 | 1.3.0 | 311.00 | NOTE | |||
r-oldrel-macos-x86_64 | 1.3.0 | 384.00 | NOTE | |||
r-oldrel-windows-x86_64 | 1.3.0 | 446.00 | 624.00 | 1070.00 | NOTE |
Version: 1.3.0
Check: installed package size
Result: NOTE
installed size is 65.0Mb
sub-directories of 1Mb or more:
data 2.7Mb
libs 61.6Mb
Flavors: r-release-macos-arm64, r-release-macos-x86_64, r-release-windows-x86_64, r-oldrel-macos-arm64, r-oldrel-macos-x86_64, r-oldrel-windows-x86_64
Version: 1.3.0
Check: for GNU extensions in Makefiles
Result: NOTE
GNU make is a SystemRequirements.
Flavors: r-release-macos-arm64, r-release-macos-x86_64, r-oldrel-macos-arm64, r-oldrel-macos-x86_64
These binaries (installable software) and packages are in development.
They may not be fully stable and should be used with caution. We make no claims about them.