CRAN Package Check Results for Package BenfordTests

Last updated on 2025-02-16 12:53:29 CET.

Flavor Version Tinstall Tcheck Ttotal Status Flags
r-devel-linux-x86_64-debian-clang 1.2.0 3.42 21.72 25.14 OK
r-devel-linux-x86_64-debian-gcc 1.2.0 2.38 18.09 20.47 OK
r-devel-linux-x86_64-fedora-clang 1.2.0 42.16 NOTE
r-devel-linux-x86_64-fedora-gcc 1.2.0 37.91 NOTE
r-devel-macos-arm64 1.2.0 18.00 OK
r-devel-macos-x86_64 1.2.0 41.00 OK
r-devel-windows-x86_64 1.2.0 5.00 47.00 52.00 OK
r-patched-linux-x86_64 1.2.0 3.07 21.18 24.25 OK
r-release-linux-x86_64 1.2.0 2.68 21.03 23.71 OK
r-release-macos-arm64 1.2.0 22.00 OK
r-release-macos-x86_64 1.2.0 36.00 OK
r-release-windows-x86_64 1.2.0 6.00 46.00 52.00 OK
r-oldrel-macos-arm64 1.2.0 18.00 OK
r-oldrel-macos-x86_64 1.2.0 25.00 OK
r-oldrel-windows-x86_64 1.2.0 6.00 49.00 55.00 OK

Check Details

Version: 1.2.0
Check: compiled code
Result: NOTE File ‘BenfordTests/libs/BenfordTests.so’: Found no calls to: ‘R_registerRoutines’, ‘R_useDynamicSymbols’ It is good practice to register native routines and to disable symbol search. See ‘Writing portable packages’ in the ‘Writing R Extensions’ manual. Flavors: r-devel-linux-x86_64-fedora-clang, r-devel-linux-x86_64-fedora-gcc

These binaries (installable software) and packages are in development.
They may not be fully stable and should be used with caution. We make no claims about them.