Last updated on 2025-11-13 01:50:15 CET.
| Flavor | Version | Tinstall | Tcheck | Ttotal | Status | Flags |
|---|---|---|---|---|---|---|
| r-devel-linux-x86_64-debian-clang | 1.1.6 | 185.61 | 145.91 | 331.52 | OK | |
| r-devel-linux-x86_64-debian-gcc | 1.1.6 | 161.40 | 113.33 | 274.73 | OK | |
| r-devel-linux-x86_64-fedora-clang | 1.1.6 | 371.00 | 123.80 | 494.80 | OK | |
| r-devel-linux-x86_64-fedora-gcc | 1.1.6 | 493.00 | 118.17 | 611.17 | OK | |
| r-devel-windows-x86_64 | 1.1.6 | 186.00 | 168.00 | 354.00 | OK | |
| r-patched-linux-x86_64 | 1.1.6 | 203.60 | 156.19 | 359.79 | OK | |
| r-release-linux-x86_64 | 1.1.6 | 203.72 | 156.34 | 360.06 | OK | |
| r-release-macos-arm64 | 1.1.6 | 72.00 | 57.00 | 129.00 | OK | |
| r-release-macos-x86_64 | 1.1.6 | 160.00 | 105.00 | 265.00 | OK | |
| r-release-windows-x86_64 | 1.1.6 | 196.00 | 170.00 | 366.00 | OK | |
| r-oldrel-macos-arm64 | 1.1.6 | 71.00 | 60.00 | 131.00 | NOTE | |
| r-oldrel-macos-x86_64 | 1.1.6 | 166.00 | 113.00 | 279.00 | NOTE | |
| r-oldrel-windows-x86_64 | 1.1.6 | 216.00 | 217.00 | 433.00 | OK |
Version: 1.1.6
Check: installed package size
Result: NOTE
installed size is 62.9Mb
sub-directories of 1Mb or more:
libs 62.3Mb
Flavors: r-oldrel-macos-arm64, r-oldrel-macos-x86_64
Version: 1.1.6
Check: for GNU extensions in Makefiles
Result: NOTE
GNU make is a SystemRequirements.
Flavors: r-oldrel-macos-arm64, r-oldrel-macos-x86_64
These binaries (installable software) and packages are in development.
They may not be fully stable and should be used with caution. We make no claims about them.