CRAN Package Check Results for Package BetterReg

Last updated on 2025-07-01 11:49:14 CEST.

Flavor Version Tinstall Tcheck Ttotal Status Flags
r-devel-linux-x86_64-debian-clang 0.2.0 6.01 34.86 40.87 NOTE
r-devel-linux-x86_64-debian-gcc 0.2.0 3.01 25.10 28.11 NOTE
r-devel-linux-x86_64-fedora-clang 0.2.0 67.98 OK
r-devel-linux-x86_64-fedora-gcc 0.2.0 62.07 OK
r-devel-windows-x86_64 0.2.0 8.00 49.00 57.00 OK
r-patched-linux-x86_64 OK
r-release-linux-x86_64 0.2.0 5.23 32.68 37.91 OK
r-release-macos-arm64 0.2.0 21.00 OK
r-release-macos-x86_64 0.2.0 36.00 OK
r-release-windows-x86_64 0.2.0 7.00 51.00 58.00 OK
r-oldrel-macos-arm64 0.2.0 20.00 OK
r-oldrel-macos-x86_64 0.2.0 30.00 OK
r-oldrel-windows-x86_64 0.2.0 10.00 59.00 69.00 OK

Check Details

Version: 0.2.0
Check: CRAN incoming feasibility
Result: NOTE Maintainer: ‘Chris Aberson <cla18@humboldt.edu>’ No Authors@R field in DESCRIPTION. Please add one, modifying Authors@R: person(given = "Chris", family = "Aberson", role = c("aut", "cre"), email = "cla18@humboldt.edu") as necessary. Flavors: r-devel-linux-x86_64-debian-clang, r-devel-linux-x86_64-debian-gcc

These binaries (installable software) and packages are in development.
They may not be fully stable and should be used with caution. We make no claims about them.