CRAN Package Check Results for Package BeviMed

Last updated on 2025-10-23 23:49:23 CEST.

Flavor Version Tinstall Tcheck Ttotal Status Flags
r-devel-linux-x86_64-debian-clang 7.0 30.38 76.27 106.65 NOTE
r-devel-linux-x86_64-debian-gcc 7.0 18.33 58.24 76.57 OK
r-devel-linux-x86_64-fedora-clang 7.0 91.00 101.59 192.59 OK
r-devel-linux-x86_64-fedora-gcc 7.0 62.00 108.41 170.41 OK
r-devel-windows-x86_64 7.0 24.00 106.00 130.00 OK
r-patched-linux-x86_64 7.0 24.21 73.34 97.55 OK
r-release-linux-x86_64 7.0 22.46 72.95 95.41 OK
r-release-macos-arm64 7.0 12.00 41.00 53.00 OK
r-release-macos-x86_64 7.0 16.00 120.00 136.00 OK
r-release-windows-x86_64 7.0 24.00 109.00 133.00 OK
r-oldrel-macos-arm64 7.0 10.00 46.00 56.00 OK
r-oldrel-macos-x86_64 7.0 15.00 98.00 113.00 OK
r-oldrel-windows-x86_64 7.0 31.00 132.00 163.00 OK

Check Details

Version: 7.0
Check: HTML version of manual
Result: NOTE Found the following HTML validation problems: subset_variants.html:54:1 (subset_variants.Rd:14): Warning: missing </ul> before </div> Flavor: r-devel-linux-x86_64-debian-clang

These binaries (installable software) and packages are in development.
They may not be fully stable and should be used with caution. We make no claims about them.