Last updated on 2024-07-27 15:50:12 CEST.
Flavor | Version | Tinstall | Tcheck | Ttotal | Status | Flags |
---|---|---|---|---|---|---|
r-devel-linux-x86_64-debian-clang | 2.1.4 | 35.60 | 196.56 | 232.16 | OK | |
r-devel-linux-x86_64-debian-gcc | 2.1.4 | OK | ||||
r-devel-linux-x86_64-fedora-clang | 2.1.4 | 305.98 | NOTE | |||
r-devel-linux-x86_64-fedora-gcc | 2.1.4 | 278.55 | NOTE | |||
r-devel-windows-x86_64 | 2.1.4 | 34.00 | 159.00 | 193.00 | OK | |
r-patched-linux-x86_64 | 2.1.4 | OK | ||||
r-release-linux-x86_64 | 2.1.4 | 35.60 | 187.79 | 223.39 | OK | |
r-release-macos-arm64 | 2.1.4 | 66.00 | OK | |||
r-release-macos-x86_64 | 2.1.4 | 108.00 | OK | |||
r-release-windows-x86_64 | 2.1.4 | 38.00 | 160.00 | 198.00 | OK | |
r-oldrel-macos-arm64 | 2.1.4 | 70.00 | OK | |||
r-oldrel-macos-x86_64 | 2.1.4 | 205.00 | OK | |||
r-oldrel-windows-x86_64 | 2.1.4 | 43.00 | 208.00 | 251.00 | OK |
Version: 2.1.4
Check: dependencies in R code
Result: NOTE
Namespace in Imports field not imported from: ‘RBGL’
All declared Imports should be used.
Flavors: r-devel-linux-x86_64-fedora-clang, r-devel-linux-x86_64-fedora-gcc
These binaries (installable software) and packages are in development.
They may not be fully stable and should be used with caution. We make no claims about them.