Last updated on 2025-02-16 10:50:42 CET.
Flavor | Version | Tinstall | Tcheck | Ttotal | Status | Flags |
---|---|---|---|---|---|---|
r-devel-linux-x86_64-debian-clang | 1.3.1 | 8.14 | 37.36 | 45.50 | NOTE | |
r-devel-linux-x86_64-debian-gcc | 1.3.1 | 5.81 | 29.07 | 34.88 | NOTE | |
r-devel-linux-x86_64-fedora-clang | 1.3.1 | 74.07 | NOTE | |||
r-devel-linux-x86_64-fedora-gcc | 1.3.1 | 83.03 | NOTE | |||
r-devel-macos-arm64 | 1.3.1 | 33.00 | NOTE | |||
r-devel-macos-x86_64 | 1.3.1 | 60.00 | NOTE | |||
r-devel-windows-x86_64 | 1.3.1 | 12.00 | 81.00 | 93.00 | NOTE | |
r-patched-linux-x86_64 | 1.3.1 | 7.91 | 35.81 | 43.72 | OK | |
r-release-linux-x86_64 | 1.3.1 | 7.27 | 35.52 | 42.79 | OK | |
r-release-macos-arm64 | 1.3.1 | 37.00 | OK | |||
r-release-macos-x86_64 | 1.3.1 | 47.00 | OK | |||
r-release-windows-x86_64 | 1.3.1 | 12.00 | 83.00 | 95.00 | OK | |
r-oldrel-macos-arm64 | 1.3.1 | 49.00 | OK | |||
r-oldrel-macos-x86_64 | 1.3.1 | 107.00 | OK | |||
r-oldrel-windows-x86_64 | 1.3.1 | 12.00 | 73.00 | 85.00 | OK |
Version: 1.3.1
Check: compiled code
Result: NOTE
File ‘BiTrinA/libs/BiTrinA.so’:
Found non-API call to R: ‘SET_TYPEOF’
Compiled code should not call non-API entry points in R.
See ‘Writing portable packages’ in the ‘Writing R Extensions’ manual,
and section ‘Moving into C API compliance’ for issues with the use of
non-API entry points.
Flavors: r-devel-linux-x86_64-debian-clang, r-devel-linux-x86_64-debian-gcc, r-devel-linux-x86_64-fedora-clang, r-devel-linux-x86_64-fedora-gcc, r-devel-macos-arm64, r-devel-macos-x86_64
Version: 1.3.1
Check: compiled code
Result: NOTE
File 'BiTrinA/libs/x64/BiTrinA.dll':
Found non-API call to R: 'SET_TYPEOF'
Compiled code should not call non-API entry points in R.
See 'Writing portable packages' in the 'Writing R Extensions' manual,
and section 'Moving into C API compliance' for issues with the use of
non-API entry points.
Flavor: r-devel-windows-x86_64
These binaries (installable software) and packages are in development.
They may not be fully stable and should be used with caution. We make no claims about them.