Last updated on 2025-02-16 10:50:42 CET.
Flavor | Version | Tinstall | Tcheck | Ttotal | Status | Flags |
---|---|---|---|---|---|---|
r-devel-linux-x86_64-debian-clang | 1.1.2 | 75.69 | 258.60 | 334.29 | NOTE | |
r-devel-linux-x86_64-debian-gcc | 1.1.2 | 56.25 | 174.60 | 230.85 | NOTE | |
r-devel-linux-x86_64-fedora-clang | 1.1.2 | 572.53 | NOTE | |||
r-devel-linux-x86_64-fedora-gcc | 1.1.2 | 598.87 | NOTE | |||
r-devel-macos-arm64 | 1.1.2 | 173.00 | NOTE | |||
r-devel-macos-x86_64 | 1.1.2 | 296.00 | NOTE | |||
r-devel-windows-x86_64 | 1.1.2 | 69.00 | 255.00 | 324.00 | NOTE | |
r-patched-linux-x86_64 | 1.1.2 | 75.81 | 246.18 | 321.99 | NOTE | |
r-release-linux-x86_64 | 1.1.2 | 75.89 | 247.40 | 323.29 | NOTE | |
r-release-macos-arm64 | 1.1.2 | 188.00 | NOTE | |||
r-release-macos-x86_64 | 1.1.2 | 207.00 | NOTE | |||
r-release-windows-x86_64 | 1.1.2 | 70.00 | 262.00 | 332.00 | NOTE | |
r-oldrel-macos-arm64 | 1.1.2 | 211.00 | NOTE | |||
r-oldrel-macos-x86_64 | 1.1.2 | 268.00 | NOTE | |||
r-oldrel-windows-x86_64 | 1.1.2 | 86.00 | 325.00 | 411.00 | NOTE |
Version: 1.1.2
Check: C++ specification
Result: NOTE
Specified C++11: please drop specification unless essential
Flavors: r-devel-linux-x86_64-debian-clang, r-devel-linux-x86_64-debian-gcc, r-devel-linux-x86_64-fedora-clang, r-devel-linux-x86_64-fedora-gcc, r-devel-macos-arm64, r-devel-macos-x86_64, r-devel-windows-x86_64, r-patched-linux-x86_64, r-release-linux-x86_64, r-release-macos-arm64, r-release-macos-x86_64, r-release-windows-x86_64, r-oldrel-macos-arm64, r-oldrel-macos-x86_64, r-oldrel-windows-x86_64
Version: 1.1.2
Check: Rd files
Result: NOTE
checkRd: (-1) VARXFit.Rd:21: Lost braces in \itemize; \value handles \item{}{} directly
checkRd: (-1) VARXFit.Rd:22: Lost braces in \itemize; \value handles \item{}{} directly
checkRd: (-1) VARXFit.Rd:23: Lost braces in \itemize; \value handles \item{}{} directly
checkRd: (-1) VARXFit.Rd:24: Lost braces in \itemize; \value handles \item{}{} directly
checkRd: (-1) VARXFit.Rd:25: Lost braces in \itemize; \value handles \item{}{} directly
checkRd: (-1) VARXFit.Rd:26: Lost braces in \itemize; \value handles \item{}{} directly
checkRd: (-1) VARXLagCons.Rd:25: Lost braces in \itemize; \value handles \item{}{} directly
checkRd: (-1) VARXLagCons.Rd:26: Lost braces in \itemize; \value handles \item{}{} directly
Flavors: r-devel-linux-x86_64-debian-clang, r-devel-linux-x86_64-debian-gcc, r-devel-linux-x86_64-fedora-clang, r-devel-linux-x86_64-fedora-gcc, r-devel-macos-arm64, r-devel-macos-x86_64, r-devel-windows-x86_64, r-patched-linux-x86_64, r-release-linux-x86_64, r-release-macos-arm64, r-release-macos-x86_64, r-release-windows-x86_64
Version: 1.1.2
Check: installed package size
Result: NOTE
installed size is 19.2Mb
sub-directories of 1Mb or more:
doc 1.1Mb
libs 17.6Mb
Flavors: r-release-macos-arm64, r-release-macos-x86_64, r-oldrel-macos-arm64, r-oldrel-macos-x86_64
These binaries (installable software) and packages are in development.
They may not be fully stable and should be used with caution. We make no claims about them.