Last updated on 2025-11-12 19:51:42 CET.
| Flavor | Version | Tinstall | Tcheck | Ttotal | Status | Flags |
|---|---|---|---|---|---|---|
| r-devel-linux-x86_64-debian-clang | 1.1.4 | 75.24 | 258.09 | 333.33 | OK | |
| r-devel-linux-x86_64-debian-gcc | 1.1.4 | 57.84 | 175.15 | 232.99 | OK | |
| r-devel-linux-x86_64-fedora-clang | 1.1.4 | 83.00 | 489.96 | 572.96 | OK | |
| r-devel-linux-x86_64-fedora-gcc | 1.1.4 | 122.00 | 457.65 | 579.65 | OK | |
| r-devel-windows-x86_64 | 1.1.4 | 77.00 | 287.00 | 364.00 | OK | |
| r-patched-linux-x86_64 | 1.1.4 | 78.98 | 254.85 | 333.83 | OK | |
| r-release-linux-x86_64 | 1.1.4 | 77.44 | 253.94 | 331.38 | OK | |
| r-release-macos-arm64 | 1.1.4 | 38.00 | 217.00 | 255.00 | OK | |
| r-release-macos-x86_64 | 1.1.4 | 59.00 | 298.00 | 357.00 | OK | |
| r-release-windows-x86_64 | 1.1.4 | 84.00 | 261.00 | 345.00 | OK | |
| r-oldrel-macos-arm64 | 1.1.4 | 33.00 | 193.00 | 226.00 | NOTE | |
| r-oldrel-macos-x86_64 | 1.1.4 | 57.00 | 287.00 | 344.00 | NOTE | |
| r-oldrel-windows-x86_64 | 1.1.4 | 91.00 | 337.00 | 428.00 | OK |
Version: 1.1.4
Check: installed package size
Result: NOTE
installed size is 19.3Mb
sub-directories of 1Mb or more:
doc 1.0Mb
libs 17.7Mb
Flavors: r-oldrel-macos-arm64, r-oldrel-macos-x86_64
These binaries (installable software) and packages are in development.
They may not be fully stable and should be used with caution. We make no claims about them.