Last updated on 2025-02-16 10:50:42 CET.
Flavor | Version | Tinstall | Tcheck | Ttotal | Status | Flags |
---|---|---|---|---|---|---|
r-devel-linux-x86_64-debian-clang | 2.3.3 | 6.52 | 52.50 | 59.02 | NOTE | |
r-devel-linux-x86_64-debian-gcc | 2.3.3 | 3.94 | 38.02 | 41.96 | NOTE | |
r-devel-linux-x86_64-fedora-clang | 2.3.3 | 94.93 | OK | |||
r-devel-linux-x86_64-fedora-gcc | 2.3.3 | 88.23 | OK | |||
r-devel-macos-arm64 | 2.3.3 | 29.00 | OK | |||
r-devel-macos-x86_64 | 2.3.3 | 50.00 | OK | |||
r-devel-windows-x86_64 | 2.3.3 | 7.00 | 66.00 | 73.00 | NOTE | |
r-patched-linux-x86_64 | 2.3.3 | 8.40 | 48.75 | 57.15 | OK | |
r-release-linux-x86_64 | 2.3.3 | 6.10 | 49.30 | 55.40 | OK | |
r-release-macos-arm64 | 2.3.3 | 29.00 | OK | |||
r-release-macos-x86_64 | 2.3.3 | 44.00 | OK | |||
r-release-windows-x86_64 | 2.3.3 | 7.00 | 66.00 | 73.00 | OK | |
r-oldrel-macos-arm64 | 2.3.3 | 32.00 | OK | |||
r-oldrel-macos-x86_64 | 2.3.3 | 53.00 | OK | |||
r-oldrel-windows-x86_64 | 2.3.3 | 9.00 | 76.00 | 85.00 | OK |
Version: 2.3.3
Check: Rd cross-references
Result: NOTE
Found the following Rd file(s) with Rd \link{} targets missing package
anchors:
compute.sigma.star.Rd: nearPD, phi2tetra, is.positive.definite
jointly.generate.binary.normal.Rd: nearPD, rmvnorm
Please provide package anchors for all Rd \link{} targets not in the
package itself and the base packages.
Flavors: r-devel-linux-x86_64-debian-clang, r-devel-linux-x86_64-debian-gcc, r-devel-windows-x86_64
These binaries (installable software) and packages are in development.
They may not be fully stable and should be used with caution. We make no claims about them.