Last updated on 2025-05-01 14:49:05 CEST.
Flavor | Version | Tinstall | Tcheck | Ttotal | Status | Flags |
---|---|---|---|---|---|---|
r-devel-linux-x86_64-debian-clang | 0.2 | 5.58 | 45.24 | 50.82 | NOTE | |
r-devel-linux-x86_64-debian-gcc | 0.2 | 3.68 | 32.01 | 35.69 | NOTE | |
r-devel-linux-x86_64-fedora-clang | 0.2 | 66.64 | OK | |||
r-devel-linux-x86_64-fedora-gcc | 0.2 | 69.46 | OK | |||
r-devel-windows-x86_64 | 0.2 | 7.00 | 56.00 | 63.00 | OK | |
r-patched-linux-x86_64 | 0.2 | 4.87 | 41.65 | 46.52 | OK | |
r-release-linux-x86_64 | OK | |||||
r-release-macos-arm64 | 0.2 | 30.00 | OK | |||
r-release-macos-x86_64 | 0.2 | 41.00 | OK | |||
r-release-windows-x86_64 | 0.2 | 7.00 | 59.00 | 66.00 | OK | |
r-oldrel-macos-arm64 | 0.2 | 24.00 | OK | |||
r-oldrel-macos-x86_64 | 0.2 | 34.00 | OK | |||
r-oldrel-windows-x86_64 | 0.2 | 8.00 | 66.00 | 74.00 | OK |
Version: 0.2
Check: CRAN incoming feasibility
Result: NOTE
Maintainer: ‘Navinkumar Nedunchezhian <navinkumar.nedunchezhian@gmail.com>’
No Authors@R field in DESCRIPTION.
Please add one, modifying
Authors@R: person(given = "Navinkumar",
family = "Nedunchezhian",
role = c("aut", "cre"),
email = "navinkumar.nedunchezhian@gmail.com")
as necessary.
Flavors: r-devel-linux-x86_64-debian-clang, r-devel-linux-x86_64-debian-gcc
These binaries (installable software) and packages are in development.
They may not be fully stable and should be used with caution. We make no claims about them.