CRAN Package Check Results for Package BioCro

Last updated on 2025-05-01 17:55:58 CEST.

Flavor Version Tinstall Tcheck Ttotal Status Flags
r-devel-linux-x86_64-debian-clang 3.2.0 142.56 86.07 228.63 NOTE
r-devel-linux-x86_64-debian-gcc 3.2.0 94.35 60.99 155.34 NOTE
r-devel-linux-x86_64-fedora-clang 3.2.0 474.97 NOTE
r-devel-linux-x86_64-fedora-gcc 3.2.0 419.85 NOTE
r-devel-windows-x86_64 3.2.0 197.00 159.00 356.00 NOTE
r-patched-linux-x86_64 3.2.0 132.68 81.55 214.23 NOTE
r-release-linux-x86_64 NOTE
r-release-macos-arm64 3.2.0 108.00 NOTE
r-release-macos-x86_64 3.2.0 252.00 NOTE
r-release-windows-x86_64 3.2.0 198.00 164.00 362.00 NOTE
r-oldrel-macos-arm64 3.2.0 120.00 NOTE
r-oldrel-macos-x86_64 3.2.0 153.00 NOTE
r-oldrel-windows-x86_64 3.2.0 182.00 188.00 370.00 NOTE

Additional issues

rchk

Check Details

Version: 3.2.0
Check: C++ specification
Result: NOTE Specified C++11: please drop specification unless essential Flavors: r-devel-linux-x86_64-debian-clang, r-devel-linux-x86_64-debian-gcc, r-devel-linux-x86_64-fedora-clang, r-devel-linux-x86_64-fedora-gcc, r-devel-windows-x86_64, r-patched-linux-x86_64, r-release-linux-x86_64, r-release-macos-arm64, r-release-macos-x86_64, r-release-windows-x86_64, r-oldrel-macos-arm64, r-oldrel-macos-x86_64, r-oldrel-windows-x86_64

Version: 3.2.0
Check: examples
Result: NOTE Examples with CPU (user + system) or elapsed time > 5s user system elapsed modules 6.109 0.001 7.706 Flavor: r-devel-linux-x86_64-debian-clang

Version: 3.2.0
Check: installed package size
Result: NOTE installed size is 19.6Mb sub-directories of 1Mb or more: data 2.0Mb libs 17.3Mb Flavors: r-oldrel-macos-arm64, r-oldrel-macos-x86_64

Version: 3.2.0
Check: for GNU extensions in Makefiles
Result: NOTE GNU make is a SystemRequirements. Flavors: r-oldrel-macos-arm64, r-oldrel-macos-x86_64, r-oldrel-windows-x86_64

These binaries (installable software) and packages are in development.
They may not be fully stable and should be used with caution. We make no claims about them.