Last updated on 2025-02-16 10:50:42 CET.
Flavor | Version | Tinstall | Tcheck | Ttotal | Status | Flags |
---|---|---|---|---|---|---|
r-devel-linux-x86_64-debian-clang | 3.1.3 | 137.22 | 119.33 | 256.55 | NOTE | |
r-devel-linux-x86_64-debian-gcc | 3.1.3 | 94.22 | 79.47 | 173.69 | NOTE | |
r-devel-linux-x86_64-fedora-clang | 3.1.3 | 504.43 | NOTE | |||
r-devel-linux-x86_64-fedora-gcc | 3.1.3 | 470.86 | NOTE | |||
r-devel-macos-arm64 | 3.1.3 | 123.00 | NOTE | |||
r-devel-macos-x86_64 | 3.1.3 | 320.00 | NOTE | |||
r-devel-windows-x86_64 | 3.1.3 | 187.00 | 191.00 | 378.00 | NOTE | |
r-patched-linux-x86_64 | 3.1.3 | 137.32 | 115.71 | 253.03 | NOTE | |
r-release-linux-x86_64 | 3.1.3 | 135.87 | 115.27 | 251.14 | NOTE | |
r-release-macos-arm64 | 3.1.3 | 116.00 | NOTE | |||
r-release-macos-x86_64 | 3.1.3 | 151.00 | NOTE | |||
r-release-windows-x86_64 | 3.1.3 | 185.00 | 186.00 | 371.00 | NOTE | |
r-oldrel-macos-arm64 | 3.1.3 | 150.00 | NOTE | |||
r-oldrel-macos-x86_64 | 3.1.3 | 282.00 | NOTE | |||
r-oldrel-windows-x86_64 | 3.1.3 | 192.00 | 226.00 | 418.00 | NOTE |
Version: 3.1.3
Check: C++ specification
Result: NOTE
Specified C++11: please drop specification unless essential
Flavors: r-devel-linux-x86_64-debian-clang, r-devel-linux-x86_64-debian-gcc, r-devel-linux-x86_64-fedora-clang, r-devel-linux-x86_64-fedora-gcc, r-devel-macos-arm64, r-devel-macos-x86_64, r-devel-windows-x86_64, r-patched-linux-x86_64, r-release-linux-x86_64, r-release-macos-arm64, r-release-macos-x86_64, r-release-windows-x86_64, r-oldrel-macos-arm64, r-oldrel-macos-x86_64, r-oldrel-windows-x86_64
Version: 3.1.3
Check: for GNU extensions in Makefiles
Result: NOTE
GNU make is a SystemRequirements.
Flavors: r-patched-linux-x86_64, r-release-linux-x86_64, r-release-macos-arm64, r-release-macos-x86_64, r-release-windows-x86_64, r-oldrel-macos-arm64, r-oldrel-macos-x86_64, r-oldrel-windows-x86_64
Version: 3.1.3
Check: installed package size
Result: NOTE
installed size is 19.0Mb
sub-directories of 1Mb or more:
data 2.0Mb
libs 16.7Mb
Flavors: r-release-macos-arm64, r-release-macos-x86_64, r-oldrel-macos-arm64, r-oldrel-macos-x86_64
These binaries (installable software) and packages are in development.
They may not be fully stable and should be used with caution. We make no claims about them.