Last updated on 2025-05-01 08:52:28 CEST.
Flavor | Version | Tinstall | Tcheck | Ttotal | Status | Flags |
---|---|---|---|---|---|---|
r-devel-linux-x86_64-debian-clang | 1.1.1 | 47.63 | 342.42 | 390.05 | OK | |
r-devel-linux-x86_64-debian-gcc | 1.1.1 | 36.23 | 255.24 | 291.47 | OK | |
r-devel-linux-x86_64-fedora-clang | 1.1.1 | 647.23 | WARN | |||
r-devel-linux-x86_64-fedora-gcc | 1.1.1 | 609.22 | WARN | |||
r-devel-windows-x86_64 | 1.1.1 | 53.00 | 292.00 | 345.00 | OK | |
r-patched-linux-x86_64 | 1.1.1 | 50.14 | 327.06 | 377.20 | OK | |
r-release-linux-x86_64 | OK | |||||
r-release-macos-arm64 | 1.1.1 | 164.00 | OK | |||
r-release-macos-x86_64 | 1.1.1 | 210.00 | OK | |||
r-release-windows-x86_64 | 1.1.1 | 57.00 | 295.00 | 352.00 | OK | |
r-oldrel-macos-arm64 | 1.1.1 | 120.00 | OK | |||
r-oldrel-macos-x86_64 | 1.1.1 | 231.00 | OK | |||
r-oldrel-windows-x86_64 | 1.1.1 | 51.00 | 398.00 | 449.00 | OK |
Version: 1.1.1
Check: package dependencies
Result: WARN
Requires orphaned package: ‘jiebaR’
Flavors: r-devel-linux-x86_64-fedora-clang, r-devel-linux-x86_64-fedora-gcc
These binaries (installable software) and packages are in development.
They may not be fully stable and should be used with caution. We make no claims about them.