CRAN Package Check Results for Package BioRssay

Last updated on 2025-07-25 01:49:22 CEST.

Flavor Version Tinstall Tcheck Ttotal Status Flags
r-devel-linux-x86_64-debian-clang 1.1.0 2.42 32.33 34.75 NOTE
r-devel-linux-x86_64-debian-gcc 1.1.0 1.84 25.73 27.57 NOTE
r-devel-linux-x86_64-fedora-clang 1.1.0 57.27 OK
r-devel-linux-x86_64-fedora-gcc 1.1.0 66.44 OK
r-devel-windows-x86_64 1.1.0 4.00 51.00 55.00 OK
r-patched-linux-x86_64 1.1.0 2.68 31.37 34.05 OK
r-release-linux-x86_64 1.1.0 2.65 30.42 33.07 OK
r-release-macos-arm64 1.1.0 33.00 OK
r-release-macos-x86_64 1.1.0 88.00 OK
r-release-windows-x86_64 1.1.0 5.00 50.00 55.00 OK
r-oldrel-macos-arm64 1.1.0 29.00 OK
r-oldrel-macos-x86_64 1.1.0 41.00 OK
r-oldrel-windows-x86_64 1.1.0 6.00 58.00 64.00 OK

Check Details

Version: 1.1.0
Check: CRAN incoming feasibility
Result: NOTE Maintainer: ‘Piyal Karunarathne <piyalkarumail@yahoo.com>’ Package CITATION file contains call(s) to old-style citEntry(). Please use bibentry() instead. Flavors: r-devel-linux-x86_64-debian-clang, r-devel-linux-x86_64-debian-gcc

These binaries (installable software) and packages are in development.
They may not be fully stable and should be used with caution. We make no claims about them.