CRAN Package Check Results for Package BioRssay

Last updated on 2025-10-23 11:50:08 CEST.

Flavor Version Tinstall Tcheck Ttotal Status Flags
r-devel-linux-x86_64-debian-clang 1.1.0 2.76 33.85 36.61 NOTE
r-devel-linux-x86_64-debian-gcc 1.1.0 1.94 26.81 28.75 NOTE
r-devel-linux-x86_64-fedora-clang 1.1.0 55.22 OK
r-devel-linux-x86_64-fedora-gcc 1.1.0 67.65 OK
r-devel-windows-x86_64 1.1.0 4.00 50.00 54.00 OK
r-patched-linux-x86_64 1.1.0 2.58 32.24 34.82 OK
r-release-linux-x86_64 1.1.0 2.52 32.01 34.53 OK
r-release-macos-arm64 1.1.0 2.00 31.00 33.00 OK
r-release-macos-x86_64 1.1.0 6.00 82.00 88.00 OK
r-release-windows-x86_64 1.1.0 5.00 52.00 57.00 OK
r-oldrel-macos-arm64 1.1.0 1.00 28.00 29.00 OK
r-oldrel-macos-x86_64 1.1.0 3.00 38.00 41.00 OK
r-oldrel-windows-x86_64 1.1.0 4.00 57.00 61.00 OK

Check Details

Version: 1.1.0
Check: CRAN incoming feasibility
Result: NOTE Maintainer: ‘Piyal Karunarathne <piyalkarumail@yahoo.com>’ Package CITATION file contains call(s) to old-style citEntry(). Please use bibentry() instead. Flavors: r-devel-linux-x86_64-debian-clang, r-devel-linux-x86_64-debian-gcc

These binaries (installable software) and packages are in development.
They may not be fully stable and should be used with caution. We make no claims about them.