CRAN Package Check Results for Package BioRssay

Last updated on 2025-05-08 04:52:00 CEST.

Flavor Version Tinstall Tcheck Ttotal Status Flags
r-devel-linux-x86_64-debian-clang 1.1.0 3.03 32.10 35.13 NOTE
r-devel-linux-x86_64-debian-gcc 1.1.0 2.20 25.43 27.63 NOTE
r-devel-linux-x86_64-fedora-clang 1.1.0 54.88 OK
r-devel-linux-x86_64-fedora-gcc 1.1.0 71.62 OK
r-devel-windows-x86_64 1.1.0 5.00 50.00 55.00 OK
r-patched-linux-x86_64 1.1.0 2.80 30.92 33.72 OK
r-release-linux-x86_64 1.1.0 2.95 30.83 33.78 OK
r-release-macos-arm64 1.1.0 33.00 OK
r-release-macos-x86_64 1.1.0 88.00 OK
r-release-windows-x86_64 1.1.0 5.00 55.00 60.00 OK
r-oldrel-macos-arm64 1.1.0 29.00 OK
r-oldrel-macos-x86_64 1.1.0 41.00 OK
r-oldrel-windows-x86_64 1.1.0 4.00 59.00 63.00 OK

Check Details

Version: 1.1.0
Check: CRAN incoming feasibility
Result: NOTE Maintainer: ‘Piyal Karunarathne <piyalkarumail@yahoo.com>’ Package CITATION file contains call(s) to old-style citEntry(). Please use bibentry() instead. Flavors: r-devel-linux-x86_64-debian-clang, r-devel-linux-x86_64-debian-gcc

These binaries (installable software) and packages are in development.
They may not be fully stable and should be used with caution. We make no claims about them.