Last updated on 2025-02-23 17:49:33 CET.
Flavor | Version | Tinstall | Tcheck | Ttotal | Status | Flags |
---|---|---|---|---|---|---|
r-devel-linux-x86_64-debian-clang | 4.0.1 | 4.33 | 42.72 | 47.05 | NOTE | |
r-devel-linux-x86_64-debian-gcc | 4.0.1 | 3.39 | 31.13 | 34.52 | NOTE | |
r-devel-linux-x86_64-fedora-clang | 4.0.1 | 72.46 | OK | |||
r-devel-linux-x86_64-fedora-gcc | 4.0.1 | 69.47 | OK | |||
r-devel-macos-arm64 | 4.0.1 | 26.00 | OK | |||
r-devel-macos-x86_64 | 4.0.1 | 45.00 | OK | |||
r-devel-windows-x86_64 | 4.0.1 | 7.00 | 60.00 | 67.00 | OK | |
r-patched-linux-x86_64 | 4.0.1 | 4.42 | 39.14 | 43.56 | OK | |
r-release-linux-x86_64 | 4.0.1 | 4.29 | 39.23 | 43.52 | OK | |
r-release-macos-arm64 | 4.0.1 | 25.00 | OK | |||
r-release-macos-x86_64 | 4.0.1 | 36.00 | OK | |||
r-release-windows-x86_64 | 4.0.1 | 6.00 | 59.00 | 65.00 | OK | |
r-oldrel-macos-arm64 | 4.0.1 | 25.00 | OK | |||
r-oldrel-macos-x86_64 | 4.0.1 | 41.00 | OK | |||
r-oldrel-windows-x86_64 | 4.0.1 | 8.00 | 68.00 | 76.00 | OK |
Version: 4.0.1
Check: for unstated dependencies in ‘demo’
Result: NOTE
'library' or 'require' calls not declared from:
‘GGally’ ‘Hmisc’ ‘MASS’ ‘OneTwoSamples’ ‘TeachingDemos’ ‘agricolae’
‘e1071’ ‘gdata’ ‘granova’ ‘granovaGG’ ‘gridExtra’ ‘hcci’ ‘lattice’
‘lmPerm’ ‘lmtest’ ‘multcomp’ ‘multcompView’ ‘plyr’ ‘qcc’ ‘reshape’
‘sandwich’ ‘scales’ ‘vcd’ ‘xlsx’
Flavors: r-devel-linux-x86_64-debian-clang, r-devel-linux-x86_64-debian-gcc
These binaries (installable software) and packages are in development.
They may not be fully stable and should be used with caution. We make no claims about them.