Last updated on 2025-10-24 05:50:33 CEST.
| Flavor | Version | Tinstall | Tcheck | Ttotal | Status | Flags |
|---|---|---|---|---|---|---|
| r-devel-linux-x86_64-debian-clang | 1.1.3 | 22.22 | 171.39 | 193.61 | NOTE | |
| r-devel-linux-x86_64-debian-gcc | 1.1.3 | 12.94 | 119.34 | 132.28 | NOTE | |
| r-devel-linux-x86_64-fedora-clang | 1.1.3 | 114.00 | 191.68 | 305.68 | OK | |
| r-devel-linux-x86_64-fedora-gcc | 1.1.3 | 89.00 | 226.55 | 315.55 | OK | |
| r-devel-windows-x86_64 | 1.1.3 | 21.00 | 149.00 | 170.00 | OK | |
| r-patched-linux-x86_64 | 1.1.3 | 19.37 | 164.11 | 183.48 | OK | |
| r-release-linux-x86_64 | 1.1.3 | 19.16 | 163.60 | 182.76 | OK | |
| r-release-macos-arm64 | 1.1.3 | 10.00 | 81.00 | 91.00 | OK | |
| r-release-macos-x86_64 | 1.1.3 | 17.00 | 160.00 | 177.00 | OK | |
| r-release-windows-x86_64 | 1.1.3 | 22.00 | 147.00 | 169.00 | OK | |
| r-oldrel-macos-arm64 | 1.1.3 | 10.00 | 74.00 | 84.00 | OK | |
| r-oldrel-macos-x86_64 | 1.1.3 | 15.00 | 111.00 | 126.00 | OK | |
| r-oldrel-windows-x86_64 | 1.1.3 | 27.00 | 195.00 | 222.00 | OK |
Version: 1.1.3
Check: CRAN incoming feasibility
Result: NOTE
Maintainer: ‘Tim Hulsen <thulsen@gmail.com>’
Package CITATION file contains call(s) to old-style personList() or
as.personList(). Please use c() on person objects instead.
Flavors: r-devel-linux-x86_64-debian-clang, r-devel-linux-x86_64-debian-gcc
These binaries (installable software) and packages are in development.
They may not be fully stable and should be used with caution. We make no claims about them.