Last updated on 2025-05-03 22:49:48 CEST.
Flavor | Version | Tinstall | Tcheck | Ttotal | Status | Flags |
---|---|---|---|---|---|---|
r-devel-linux-x86_64-debian-clang | 0.2.10 | 16.81 | 53.68 | 70.49 | NOTE | |
r-devel-linux-x86_64-debian-gcc | 0.2.10 | 12.46 | 40.28 | 52.74 | NOTE | |
r-devel-linux-x86_64-fedora-clang | 0.2.10 | 117.20 | OK | |||
r-devel-linux-x86_64-fedora-gcc | 0.2.10 | 135.55 | OK | |||
r-devel-windows-x86_64 | 0.2.10 | 23.00 | 85.00 | 108.00 | OK | |
r-patched-linux-x86_64 | 0.2.10 | 17.27 | 48.97 | 66.24 | OK | |
r-release-linux-x86_64 | OK | |||||
r-release-macos-arm64 | 0.2.10 | 59.00 | OK | |||
r-release-macos-x86_64 | 0.2.10 | 78.00 | OK | |||
r-release-windows-x86_64 | 0.2.10 | 24.00 | 85.00 | 109.00 | OK | |
r-oldrel-macos-arm64 | 0.2.10 | 43.00 | NOTE | |||
r-oldrel-macos-x86_64 | 0.2.10 | 60.00 | NOTE | |||
r-oldrel-windows-x86_64 | 0.2.10 | 25.00 | 103.00 | 128.00 | NOTE |
Version: 0.2.10
Check: CRAN incoming feasibility
Result: NOTE
Maintainer: ‘Zachary Colburn <zcolburn@gmail.com>’
No Authors@R field in DESCRIPTION.
Please add one, modifying
Authors@R: person(given = "Zachary",
family = "Colburn",
role = c("aut", "cre"),
email = "zcolburn@gmail.com")
as necessary.
Flavors: r-devel-linux-x86_64-debian-clang, r-devel-linux-x86_64-debian-gcc
Version: 0.2.10
Check: LazyData
Result: NOTE
'LazyData' is specified without a 'data' directory
Flavors: r-oldrel-macos-arm64, r-oldrel-macos-x86_64, r-oldrel-windows-x86_64
These binaries (installable software) and packages are in development.
They may not be fully stable and should be used with caution. We make no claims about them.