Last updated on 2025-02-16 10:50:42 CET.
Flavor | Version | Tinstall | Tcheck | Ttotal | Status | Flags |
---|---|---|---|---|---|---|
r-devel-linux-x86_64-debian-clang | 1.0.4 | 1.99 | 17.78 | 19.77 | NOTE | |
r-devel-linux-x86_64-debian-gcc | 1.0.4 | 1.45 | 13.76 | 15.21 | NOTE | |
r-devel-linux-x86_64-fedora-clang | 1.0.4 | 34.39 | NOTE | |||
r-devel-linux-x86_64-fedora-gcc | 1.0.4 | 44.99 | NOTE | |||
r-devel-macos-arm64 | 1.0.4 | 23.00 | NOTE | |||
r-devel-macos-x86_64 | 1.0.4 | 33.00 | NOTE | |||
r-devel-windows-x86_64 | 1.0.4 | 4.00 | 42.00 | 46.00 | NOTE | |
r-patched-linux-x86_64 | 1.0.4 | 2.27 | 17.16 | 19.43 | NOTE | |
r-release-linux-x86_64 | 1.0.4 | 1.81 | 16.97 | 18.78 | NOTE | |
r-release-macos-arm64 | 1.0.4 | 20.00 | NOTE | |||
r-release-macos-x86_64 | 1.0.4 | 30.00 | NOTE | |||
r-release-windows-x86_64 | 1.0.4 | 4.00 | 45.00 | 49.00 | NOTE | |
r-oldrel-macos-arm64 | 1.0.4 | 23.00 | NOTE | |||
r-oldrel-macos-x86_64 | 1.0.4 | 32.00 | NOTE | |||
r-oldrel-windows-x86_64 | 1.0.4 | 5.00 | 53.00 | 58.00 | NOTE |
Version: 1.0.4
Check: package subdirectories
Result: NOTE
Problems with news in ‘NEWS.md’:
No news entries found.
Flavors: r-devel-linux-x86_64-debian-clang, r-devel-linux-x86_64-debian-gcc, r-devel-linux-x86_64-fedora-clang, r-devel-linux-x86_64-fedora-gcc, r-devel-macos-arm64, r-devel-macos-x86_64, r-devel-windows-x86_64, r-patched-linux-x86_64, r-release-linux-x86_64, r-release-macos-arm64, r-release-macos-x86_64, r-release-windows-x86_64, r-oldrel-macos-arm64, r-oldrel-macos-x86_64, r-oldrel-windows-x86_64
These binaries (installable software) and packages are in development.
They may not be fully stable and should be used with caution. We make no claims about them.