Last updated on 2025-05-01 17:55:58 CEST.
Flavor | Version | Tinstall | Tcheck | Ttotal | Status | Flags |
---|---|---|---|---|---|---|
r-devel-linux-x86_64-debian-clang | 1.0.4 | 1.85 | 18.95 | 20.80 | NOTE | |
r-devel-linux-x86_64-debian-gcc | 1.0.4 | 1.28 | 15.10 | 16.38 | NOTE | |
r-devel-linux-x86_64-fedora-clang | 1.0.4 | 33.00 | NOTE | |||
r-devel-linux-x86_64-fedora-gcc | 1.0.4 | 48.79 | NOTE | |||
r-devel-windows-x86_64 | 1.0.4 | 4.00 | 44.00 | 48.00 | NOTE | |
r-patched-linux-x86_64 | 1.0.4 | 2.25 | 17.49 | 19.74 | NOTE | |
r-release-linux-x86_64 | NOTE | |||||
r-release-macos-arm64 | 1.0.4 | 28.00 | NOTE | |||
r-release-macos-x86_64 | 1.0.4 | 36.00 | NOTE | |||
r-release-windows-x86_64 | 1.0.4 | 5.00 | 45.00 | 50.00 | NOTE | |
r-oldrel-macos-arm64 | 1.0.4 | 20.00 | NOTE | |||
r-oldrel-macos-x86_64 | 1.0.4 | 30.00 | NOTE | |||
r-oldrel-windows-x86_64 | 1.0.4 | 5.00 | 45.00 | 50.00 | NOTE |
Version: 1.0.4
Check: CRAN incoming feasibility
Result: NOTE
Maintainer: ‘Rob Knell <r.knell@qmul.ac.uk>’
No Authors@R field in DESCRIPTION.
Please add one, modifying
Authors@R: person(given = "Rob",
family = "Knell",
role = c("aut", "cre"),
email = "r.knell@qmul.ac.uk")
as necessary.
Flavors: r-devel-linux-x86_64-debian-clang, r-devel-linux-x86_64-debian-gcc
Version: 1.0.4
Check: package subdirectories
Result: NOTE
Problems with news in ‘NEWS.md’:
No news entries found.
Flavors: r-devel-linux-x86_64-debian-clang, r-devel-linux-x86_64-debian-gcc, r-devel-linux-x86_64-fedora-clang, r-devel-linux-x86_64-fedora-gcc, r-devel-windows-x86_64, r-patched-linux-x86_64, r-release-linux-x86_64, r-release-macos-arm64, r-release-macos-x86_64, r-release-windows-x86_64, r-oldrel-macos-arm64, r-oldrel-macos-x86_64, r-oldrel-windows-x86_64
These binaries (installable software) and packages are in development.
They may not be fully stable and should be used with caution. We make no claims about them.