Last updated on 2024-07-27 15:50:12 CEST.
Flavor | Version | Tinstall | Tcheck | Ttotal | Status | Flags |
---|---|---|---|---|---|---|
r-devel-linux-x86_64-debian-clang | 0.0.10 | 20.73 | 182.35 | 203.08 | OK | |
r-devel-linux-x86_64-debian-gcc | 0.0.10 | NOTE | ||||
r-devel-linux-x86_64-fedora-clang | 0.0.10 | 274.35 | OK | |||
r-devel-linux-x86_64-fedora-gcc | 0.0.10 | 253.07 | OK | |||
r-devel-windows-x86_64 | 0.0.10 | 18.00 | 141.00 | 159.00 | NOTE | |
r-patched-linux-x86_64 | 0.0.10 | OK | ||||
r-release-linux-x86_64 | 0.0.10 | 18.33 | 178.61 | 196.94 | OK | |
r-release-macos-arm64 | 0.0.10 | 46.00 | OK | |||
r-release-macos-x86_64 | 0.0.10 | 101.00 | OK | |||
r-release-windows-x86_64 | 0.0.10 | 18.00 | 142.00 | 160.00 | OK | |
r-oldrel-macos-arm64 | 0.0.10 | 53.00 | OK | |||
r-oldrel-macos-x86_64 | 0.0.10 | 86.00 | OK | |||
r-oldrel-windows-x86_64 | 0.0.10 | 24.00 | 181.00 | 205.00 | OK |
Version: 0.0.10
Check: Rd cross-references
Result: NOTE
Found the following Rd file(s) with Rd \link{} targets missing package
anchors:
covsum_nested.Rd: mixed
rm_covsum_nested.Rd: covsum, mixed, outTable
Please provide package anchors for all Rd \link{} targets not in the
package itself and the base packages.
Flavors: r-devel-linux-x86_64-debian-gcc, r-devel-windows-x86_64
These binaries (installable software) and packages are in development.
They may not be fully stable and should be used with caution. We make no claims about them.