CRAN Package Check Results for Package BisqueRNA

Last updated on 2025-02-16 10:50:42 CET.

Flavor Version Tinstall Tcheck Ttotal Status Flags
r-devel-linux-x86_64-debian-clang 1.0.5 2.35 42.39 44.74 OK
r-devel-linux-x86_64-debian-gcc 1.0.5 1.66 30.27 31.93 OK
r-devel-linux-x86_64-fedora-clang 1.0.5 78.03 OK
r-devel-linux-x86_64-fedora-gcc 1.0.5 82.21 OK
r-devel-macos-arm64 1.0.5 32.00 OK
r-devel-macos-x86_64 1.0.5 61.00 OK
r-devel-windows-x86_64 1.0.5 3.00 61.00 64.00 OK
r-patched-linux-x86_64 1.0.5 2.61 39.25 41.86 OK
r-release-linux-x86_64 1.0.5 2.46 39.56 42.02 OK
r-release-macos-arm64 1.0.5 37.00 OK
r-release-macos-x86_64 1.0.5 46.00 OK
r-release-windows-x86_64 1.0.5 4.00 63.00 67.00 OK
r-oldrel-macos-arm64 1.0.5 31.00 OK
r-oldrel-macos-x86_64 1.0.5 38.00 NOTE
r-oldrel-windows-x86_64 1.0.5 4.00 76.00 80.00 OK

Check Details

Version: 1.0.5
Check: package dependencies
Result: NOTE Package suggested but not available for checking: ‘Seurat’ Flavor: r-oldrel-macos-x86_64

These binaries (installable software) and packages are in development.
They may not be fully stable and should be used with caution. We make no claims about them.