Last updated on 2025-05-07 15:49:11 CEST.
Flavor | Version | Tinstall | Tcheck | Ttotal | Status | Flags |
---|---|---|---|---|---|---|
r-devel-linux-x86_64-debian-clang | 0.1.1.1 | 130.82 | 41.05 | 171.87 | OK | |
r-devel-linux-x86_64-debian-gcc | 0.1.1.1 | 95.30 | 29.58 | 124.88 | OK | |
r-devel-linux-x86_64-fedora-clang | 0.1.1.1 | 316.62 | OK | |||
r-devel-linux-x86_64-fedora-gcc | 0.1.1.1 | 375.91 | OK | |||
r-devel-windows-x86_64 | 0.1.1.1 | 139.00 | 73.00 | 212.00 | OK | |
r-patched-linux-x86_64 | 0.1.1.1 | 120.55 | 37.63 | 158.18 | OK | |
r-release-linux-x86_64 | 0.1.1.1 | 126.29 | 37.34 | 163.63 | OK | |
r-release-macos-arm64 | 0.1.1.1 | 75.00 | OK | |||
r-release-macos-x86_64 | 0.1.1.1 | 79.00 | OK | |||
r-release-windows-x86_64 | 0.1.1.1 | 139.00 | 81.00 | 220.00 | OK | |
r-oldrel-macos-arm64 | 0.1.1.1 | 76.00 | NOTE | |||
r-oldrel-macos-x86_64 | 0.1.1.1 | 78.00 | NOTE | |||
r-oldrel-windows-x86_64 | 0.1.1.1 | 162.00 | 96.00 | 258.00 | OK |
Version: 0.1.1.1
Check: installed package size
Result: NOTE
installed size is 7.5Mb
sub-directories of 1Mb or more:
libs 7.4Mb
Flavors: r-oldrel-macos-arm64, r-oldrel-macos-x86_64
These binaries (installable software) and packages are in development.
They may not be fully stable and should be used with caution. We make no claims about them.