Last updated on 2025-10-25 09:49:25 CEST.
| Flavor | Version | Tinstall | Tcheck | Ttotal | Status | Flags |
|---|---|---|---|---|---|---|
| r-devel-linux-x86_64-debian-clang | 0.1.1.1 | 136.47 | 43.42 | 179.89 | NOTE | |
| r-devel-linux-x86_64-debian-gcc | 0.1.1.1 | 87.01 | 32.50 | 119.51 | NOTE | |
| r-devel-linux-x86_64-fedora-clang | 0.1.1.1 | 188.00 | 129.15 | 317.15 | OK | |
| r-devel-linux-x86_64-fedora-gcc | 0.1.1.1 | 92.00 | 239.05 | 331.05 | NOTE | |
| r-devel-windows-x86_64 | 0.1.1.1 | 140.00 | 74.00 | 214.00 | OK | |
| r-patched-linux-x86_64 | 0.1.1.1 | 134.88 | 40.45 | 175.33 | OK | |
| r-release-linux-x86_64 | 0.1.1.1 | 134.79 | 40.67 | 175.46 | OK | |
| r-release-macos-arm64 | 0.1.1.1 | 48.00 | 27.00 | 75.00 | OK | |
| r-release-macos-x86_64 | 0.1.1.1 | 37.00 | 42.00 | 79.00 | OK | |
| r-release-windows-x86_64 | 0.1.1.1 | 140.00 | 83.00 | 223.00 | OK | |
| r-oldrel-macos-arm64 | 0.1.1.1 | 45.00 | 31.00 | 76.00 | NOTE | |
| r-oldrel-macos-x86_64 | 0.1.1.1 | 35.00 | 43.00 | 78.00 | NOTE | |
| r-oldrel-windows-x86_64 | 0.1.1.1 | 166.00 | 100.00 | 266.00 | OK |
Version: 0.1.1.1
Check: Rd files
Result: NOTE
checkRd: (-1) Blend-package.Rd:12-16: Only 2 columns allowed in this table (row 2 has 1)
checkRd: (-1) Blend-package.Rd:12-16: Only 2 columns allowed in this table (row 4 has 1)
Flavors: r-devel-linux-x86_64-debian-clang, r-devel-linux-x86_64-debian-gcc, r-devel-linux-x86_64-fedora-gcc
Version: 0.1.1.1
Check: installed package size
Result: NOTE
installed size is 7.5Mb
sub-directories of 1Mb or more:
libs 7.4Mb
Flavors: r-oldrel-macos-arm64, r-oldrel-macos-x86_64
These binaries (installable software) and packages are in development.
They may not be fully stable and should be used with caution. We make no claims about them.