Last updated on 2025-07-21 15:50:57 CEST.
Flavor | Version | Tinstall | Tcheck | Ttotal | Status | Flags |
---|---|---|---|---|---|---|
r-devel-linux-x86_64-debian-clang | 0.1.1.1 | 129.74 | 40.62 | 170.36 | OK | |
r-devel-linux-x86_64-debian-gcc | 0.1.1.1 | 93.11 | 29.85 | 122.96 | OK | |
r-devel-linux-x86_64-fedora-clang | 0.1.1.1 | 318.36 | OK | |||
r-devel-linux-x86_64-fedora-gcc | 0.1.1.1 | 304.21 | OK | |||
r-devel-windows-x86_64 | 0.1.1.1 | 134.00 | 75.00 | 209.00 | OK | |
r-patched-linux-x86_64 | 0.1.1.1 | 131.64 | 37.61 | 169.25 | OK | |
r-release-linux-x86_64 | 0.1.1.1 | 131.86 | 37.76 | 169.62 | OK | |
r-release-macos-arm64 | 0.1.1.1 | 75.00 | OK | |||
r-release-macos-x86_64 | 0.1.1.1 | 79.00 | OK | |||
r-release-windows-x86_64 | 0.1.1.1 | 140.00 | 79.00 | 219.00 | OK | |
r-oldrel-macos-arm64 | 0.1.1.1 | 76.00 | NOTE | |||
r-oldrel-macos-x86_64 | 0.1.1.1 | 78.00 | NOTE | |||
r-oldrel-windows-x86_64 | 0.1.1.1 | 163.00 | 92.00 | 255.00 | OK |
Version: 0.1.1.1
Check: installed package size
Result: NOTE
installed size is 7.5Mb
sub-directories of 1Mb or more:
libs 7.4Mb
Flavors: r-oldrel-macos-arm64, r-oldrel-macos-x86_64
These binaries (installable software) and packages are in development.
They may not be fully stable and should be used with caution. We make no claims about them.