Last updated on 2025-05-01 10:50:05 CEST.
Flavor | Version | Tinstall | Tcheck | Ttotal | Status | Flags |
---|---|---|---|---|---|---|
r-devel-linux-x86_64-debian-clang | 0.1.0 | 9.72 | 76.98 | 86.70 | NOTE | |
r-devel-linux-x86_64-debian-gcc | 0.1.0 | 6.84 | 54.81 | 61.65 | OK | |
r-devel-linux-x86_64-fedora-clang | 0.1.0 | 137.94 | OK | |||
r-devel-linux-x86_64-fedora-gcc | 0.1.0 | 139.54 | OK | |||
r-devel-windows-x86_64 | 0.1.0 | 10.00 | 81.00 | 91.00 | OK | |
r-patched-linux-x86_64 | 0.1.0 | 8.45 | 73.85 | 82.30 | OK | |
r-release-linux-x86_64 | OK | |||||
r-release-macos-arm64 | 0.1.0 | 44.00 | OK | |||
r-release-macos-x86_64 | 0.1.0 | 90.00 | OK | |||
r-release-windows-x86_64 | 0.1.0 | 11.00 | 82.00 | 93.00 | OK | |
r-oldrel-macos-arm64 | 0.1.0 | 44.00 | OK | |||
r-oldrel-macos-x86_64 | 0.1.0 | 64.00 | OK | |||
r-oldrel-windows-x86_64 | 0.1.0 | 12.00 | 105.00 | 117.00 | OK |
Version: 0.1.0
Check: examples
Result: NOTE
Examples with CPU (user + system) or elapsed time > 5s
user system elapsed
MBI 10.815 0.106 14.445
Flavor: r-devel-linux-x86_64-debian-clang
Version: 0.1.0
Check: examples
Result: NA
user system elapsed
MBI 5.856 0.053 8.188
OK
Flavor: r-devel-linux-x86_64-debian-gcc
These binaries (installable software) and packages are in development.
They may not be fully stable and should be used with caution. We make no claims about them.